CRAN Package Check Results for Package RMLPCA

Last updated on 2024-06-13 06:58:16 CEST.

Flavor Version Tinstall Tcheck Ttotal Status Flags
r-devel-linux-x86_64-debian-clang 0.0.1 2.95 165.43 168.38 OK
r-devel-linux-x86_64-debian-gcc 0.0.1 2.07 23.96 26.03 ERROR
r-devel-linux-x86_64-fedora-clang 0.0.1 203.13 OK
r-devel-linux-x86_64-fedora-gcc 0.0.1 261.75 OK
r-devel-windows-x86_64 0.0.1 4.00 166.00 170.00 OK
r-patched-linux-x86_64 0.0.1 2.28 216.03 218.31 OK
r-release-linux-x86_64 0.0.1 2.41 211.14 213.55 OK
r-release-macos-arm64 0.0.1 106.00 OK
r-release-macos-x86_64 0.0.1 171.00 OK
r-release-windows-x86_64 0.0.1 4.00 166.00 170.00 OK
r-oldrel-macos-arm64 0.0.1 122.00 OK
r-oldrel-macos-x86_64 0.0.1 178.00 OK
r-oldrel-windows-x86_64 0.0.1 4.00 205.00 209.00 OK

Check Details

Version: 0.0.1
Check: package dependencies
Result: NOTE Package suggested but not available for checking: ‘testthat’ Flavor: r-devel-linux-x86_64-debian-gcc

Version: 0.0.1
Check: tests
Result: ERROR Running ‘testthat.R’ [0s/1s] Running the tests in ‘tests/testthat.R’ failed. Complete output: > library(testthat) Error in library(testthat) : there is no package called 'testthat' Execution halted Flavor: r-devel-linux-x86_64-debian-gcc