CRAN Package Check Results for Package RMariaDB

Last updated on 2019-08-25 05:46:57 CEST.

Flavor Version Tinstall Tcheck Ttotal Status Flags
r-devel-linux-x86_64-debian-clang 1.0.6 83.48 38.20 121.68 WARN
r-devel-linux-x86_64-debian-gcc 1.0.6 59.62 29.75 89.37 WARN
r-devel-linux-x86_64-fedora-clang 1.0.6 198.48 WARN
r-devel-linux-x86_64-fedora-gcc 1.0.6 172.04 WARN
r-devel-windows-ix86+x86_64 1.0.6 346.00 168.00 514.00 NOTE
r-patched-linux-x86_64 1.0.6 71.27 36.95 108.22 WARN
r-patched-solaris-x86 1.0.6 168.40 OK
r-release-linux-x86_64 1.0.6 72.67 36.85 109.52 WARN
r-release-windows-ix86+x86_64 1.0.6 515.00 188.00 703.00 NOTE
r-release-osx-x86_64 1.0.6 NOTE
r-oldrel-windows-ix86+x86_64 1.0.6 513.00 181.00 694.00 NOTE
r-oldrel-osx-x86_64 1.0.6 OK

Check Details

Version: 1.0.6
Check: whether package can be installed
Result: WARN
    Found the following significant warnings:
     DbResult.cpp:19:8: warning: 'auto_ptr<DbResult>' is deprecated [-Wdeprecated-declarations]
     connection.cpp:23:8: warning: 'auto_ptr<DbConnection>' is deprecated [-Wdeprecated-declarations]
Flavors: r-devel-linux-x86_64-debian-clang, r-devel-linux-x86_64-fedora-clang

Version: 1.0.6
Check: whether package can be installed
Result: WARN
    Found the following significant warnings:
     DbResult.cpp:19:8: warning: ‘template<class> class std::auto_ptr’ is deprecated [-Wdeprecated-declarations]
     DbResult.cpp:81:41: warning: catching polymorphic type ‘class MariaResultPrep::UnsupportedPS’ by value [-Wcatch-value=]
     connection.cpp:23:8: warning: ‘template<class> class std::auto_ptr’ is deprecated [-Wdeprecated-declarations]
Flavors: r-devel-linux-x86_64-debian-gcc, r-devel-linux-x86_64-fedora-gcc

Version: 1.0.6
Check: installed package size
Result: NOTE
     installed size is 6.5Mb
     sub-directories of 1Mb or more:
     libs 6.2Mb
Flavors: r-devel-windows-ix86+x86_64, r-release-windows-ix86+x86_64, r-release-osx-x86_64, r-oldrel-windows-ix86+x86_64

Version: 1.0.6
Check: whether package can be installed
Result: WARN
    Found the following significant warnings:
     DbResult.cpp:81:41: warning: catching polymorphic type ‘class MariaResultPrep::UnsupportedPS’ by value [-Wcatch-value=]
Flavors: r-patched-linux-x86_64, r-release-linux-x86_64