CRAN Package Check Results for Package RMariaDB

Last updated on 2019-04-19 05:50:37 CEST.

Flavor Version Tinstall Tcheck Ttotal Status Flags
r-devel-linux-x86_64-debian-clang 1.0.6 82.52 33.79 116.31 OK
r-devel-linux-x86_64-debian-gcc 1.0.6 62.74 26.82 89.56 WARN
r-devel-linux-x86_64-fedora-clang 1.0.6 188.91 OK
r-devel-linux-x86_64-fedora-gcc 1.0.6 154.28 WARN
r-devel-windows-ix86+x86_64 1.0.6 508.00 147.00 655.00 NOTE
r-patched-linux-x86_64 1.0.6 73.44 33.93 107.37 WARN
r-patched-solaris-x86 1.0.6 171.60 OK
r-release-linux-x86_64 1.0.6 73.97 32.21 106.18 OK
r-release-windows-ix86+x86_64 1.0.6 377.00 189.00 566.00 NOTE
r-release-osx-x86_64 1.0.6 OK
r-oldrel-windows-ix86+x86_64 1.0.6 357.00 171.00 528.00 NOTE
r-oldrel-osx-x86_64 1.0.6 OK

Check Details

Version: 1.0.6
Check: whether package can be installed
Result: WARN
    Found the following significant warnings:
     DbResult.cpp:81:41: warning: catching polymorphic type ‘class MariaResultPrep::UnsupportedPS’ by value [-Wcatch-value=]
Flavors: r-devel-linux-x86_64-debian-gcc, r-devel-linux-x86_64-fedora-gcc, r-patched-linux-x86_64

Version: 1.0.6
Check: installed package size
Result: NOTE
     installed size is 6.5Mb
     sub-directories of 1Mb or more:
     libs 6.2Mb
Flavors: r-devel-windows-ix86+x86_64, r-release-windows-ix86+x86_64, r-oldrel-windows-ix86+x86_64