CRAN Package Check Results for Package RMariaDB

Last updated on 2022-01-22 05:10:29 CET.

Flavor Version Tinstall Tcheck Ttotal Status Flags
r-devel-linux-x86_64-debian-clang 1.2.1 106.14 56.54 162.68 OK
r-devel-linux-x86_64-debian-gcc 1.2.1 73.38 43.87 117.25 OK
r-devel-linux-x86_64-fedora-clang 1.2.1 259.91 OK
r-devel-linux-x86_64-fedora-gcc 1.2.1 209.48 OK
r-devel-windows-x86_64-new-UL 1.2.1 515.00 201.00 716.00 OK
r-devel-windows-x86_64-new-TK 1.2.1 OK
r-patched-linux-x86_64 1.2.1 96.01 55.12 151.13 OK
r-release-linux-x86_64 1.2.1 100.78 54.12 154.90 OK
r-release-macos-arm64 1.2.1 NOTE
r-release-macos-x86_64 1.2.1 NOTE
r-release-windows-ix86+x86_64 1.2.1 502.00 207.00 709.00 NOTE
r-oldrel-macos-x86_64 1.2.1 NOTE
r-oldrel-windows-ix86+x86_64 1.2.1 498.00 219.00 717.00 NOTE

Check Details

Version: 1.2.1
Check: installed package size
Result: NOTE
     installed size is 6.5Mb
     sub-directories of 1Mb or more:
     libs 6.1Mb
Flavors: r-release-macos-arm64, r-release-macos-x86_64, r-release-windows-ix86+x86_64, r-oldrel-macos-x86_64, r-oldrel-windows-ix86+x86_64