Last updated on 2021-01-16 05:47:17 CET.
Flavor | Version | Tinstall | Tcheck | Ttotal | Status | Flags |
---|---|---|---|---|---|---|
r-devel-linux-x86_64-debian-clang | 4.0.6 | 380.53 | 165.56 | 546.09 | OK | |
r-devel-linux-x86_64-debian-gcc | 4.0.6 | 254.48 | 134.18 | 388.66 | OK | |
r-devel-linux-x86_64-fedora-clang | 4.0.6 | 791.75 | NOTE | |||
r-devel-linux-x86_64-fedora-gcc | 4.0.6 | 704.20 | OK | |||
r-devel-windows-ix86+x86_64 | 4.0.6 | 613.00 | 375.00 | 988.00 | OK | |
r-patched-linux-x86_64 | 4.0.6 | 298.59 | 166.28 | 464.87 | OK | |
r-patched-solaris-x86 | 4.0.6 | 691.00 | OK | |||
r-release-linux-x86_64 | 4.0.6 | 294.08 | 165.98 | 460.06 | OK | |
r-release-macos-x86_64 | 4.0.6 | NOTE | ||||
r-release-windows-ix86+x86_64 | 4.0.6 | 678.00 | 378.00 | 1056.00 | OK | |
r-oldrel-macos-x86_64 | 4.0.6 | NOTE | ||||
r-oldrel-windows-ix86+x86_64 | 4.0.6 | 813.00 | 326.00 | 1139.00 | OK |
Version: 4.0.6
Check: installed package size
Result: NOTE
installed size is 34.4Mb
sub-directories of 1Mb or more:
libs 34.2Mb
Flavors: r-devel-linux-x86_64-fedora-clang, r-release-macos-x86_64, r-oldrel-macos-x86_64