CRAN Package Check Results for Package RNCEP

Last updated on 2022-01-26 05:54:28 CET.

Flavor Version Tinstall Tcheck Ttotal Status Flags
r-devel-linux-x86_64-debian-clang 1.0.10 23.36 132.47 155.83 OK
r-devel-linux-x86_64-debian-gcc 1.0.10 15.40 98.47 113.87 OK
r-devel-linux-x86_64-fedora-clang 1.0.10 171.69 NOTE
r-devel-linux-x86_64-fedora-gcc 1.0.10 180.25 OK
r-devel-windows-x86_64-new-UL 1.0.10 40.00 120.00 160.00 OK
r-devel-windows-x86_64-new-TK 1.0.10 OK
r-patched-linux-x86_64 1.0.10 23.72 113.06 136.78 OK
r-release-linux-x86_64 1.0.10 20.57 111.75 132.32 OK
r-release-macos-arm64 1.0.10 OK
r-release-macos-x86_64 1.0.10 OK
r-release-windows-ix86+x86_64 1.0.10 30.00 117.00 147.00 OK
r-oldrel-macos-x86_64 1.0.10 OK
r-oldrel-windows-ix86+x86_64 1.0.10 32.00 117.00 149.00 OK

Check Details

Version: 1.0.10
Check: Rd cross-references
Result: NOTE
    Undeclared packages ‘fossil’, ‘raster’ in Rd xrefs
Flavor: r-devel-linux-x86_64-fedora-clang