CRAN Package Check Results for Package RNCEP

Last updated on 2019-07-16 05:48:30 CEST.

Flavor Version Tinstall Tcheck Ttotal Status Flags
r-devel-linux-x86_64-debian-clang 1.0.8 16.66 71.30 87.96 OK
r-devel-linux-x86_64-debian-gcc 1.0.8 12.00 56.41 68.41 OK
r-devel-linux-x86_64-fedora-clang 1.0.8 105.97 OK
r-devel-linux-x86_64-fedora-gcc 1.0.8 103.01 OK
r-devel-windows-ix86+x86_64 1.0.8 28.00 96.00 124.00 OK
r-patched-linux-x86_64 1.0.8 16.05 73.28 89.33 OK
r-patched-solaris-x86 1.0.8 152.00 OK --no-examples
r-release-linux-x86_64 1.0.8 13.70 72.88 86.58 OK
r-release-windows-ix86+x86_64 1.0.8 16.00 104.00 120.00 OK
r-release-osx-x86_64 1.0.8 FAIL
r-oldrel-windows-ix86+x86_64 1.0.8 20.00 92.00 112.00 OK
r-oldrel-osx-x86_64 1.0.8 OK

Check Details

Version: 1.0.8
Check: whether package can be installed
Result: FAIL
    
Flavor: r-release-osx-x86_64