CRAN Package Check Results for Package RNifti

Last updated on 2024-07-16 05:56:02 CEST.

Flavor Version Tinstall Tcheck Ttotal Status Flags
r-devel-linux-x86_64-debian-clang 1.7.0 37.98 41.91 79.89 NOTE
r-devel-linux-x86_64-debian-gcc 1.7.0 30.21 32.07 62.28 NOTE
r-devel-linux-x86_64-fedora-clang 1.7.0 106.66 NOTE
r-devel-linux-x86_64-fedora-gcc 1.7.0 120.74 NOTE
r-devel-windows-x86_64 1.7.0 31.00 82.00 113.00 NOTE
r-patched-linux-x86_64 1.7.0 36.01 40.25 76.26 OK
r-release-linux-x86_64 1.7.0 35.50 41.11 76.61 OK
r-release-macos-arm64 1.7.0 50.00 OK
r-release-macos-x86_64 1.7.0 123.00 OK
r-release-windows-x86_64 1.7.0 30.00 83.00 113.00 OK
r-oldrel-macos-arm64 1.7.0 55.00 OK
r-oldrel-macos-x86_64 1.7.0 91.00 OK
r-oldrel-windows-x86_64 1.7.0 40.00 86.00 126.00 OK

Check Details

Version: 1.7.0
Check: compiled code
Result: NOTE File ‘RNifti/libs/RNifti.so’: Found non-API call to R: ‘SET_TYPEOF’ Compiled code should not call non-API entry points in R. See ‘Writing portable packages’ in the ‘Writing R Extensions’ manual, and section ‘Moving into C API compliance’ for issues with the use of non-API entry points. Flavors: r-devel-linux-x86_64-debian-clang, r-devel-linux-x86_64-debian-gcc, r-devel-linux-x86_64-fedora-clang, r-devel-linux-x86_64-fedora-gcc

Version: 1.7.0
Check: compiled code
Result: NOTE File 'RNifti/libs/x64/RNifti.dll': Found non-API call to R: 'SET_TYPEOF' Compiled code should not call non-API entry points in R. See 'Writing portable packages' in the 'Writing R Extensions' manual, and section 'Moving into C API compliance' for issues with the use of non-API entry points. Flavor: r-devel-windows-x86_64