CRAN Package Check Results for Package RNifti

Last updated on 2019-07-16 05:48:30 CEST.

Flavor Version Tinstall Tcheck Ttotal Status Flags
r-devel-linux-x86_64-debian-clang 0.11.0 25.34 27.43 52.77 OK
r-devel-linux-x86_64-debian-gcc 0.11.0 21.81 22.60 44.41 OK
r-devel-linux-x86_64-fedora-clang 0.11.0 70.23 OK
r-devel-linux-x86_64-fedora-gcc 0.11.0 76.08 OK
r-devel-windows-ix86+x86_64 0.11.0 84.00 70.00 154.00 OK
r-patched-linux-x86_64 0.11.0 24.61 27.66 52.27 OK
r-patched-solaris-x86 0.11.0 91.90 OK
r-release-linux-x86_64 0.11.0 24.46 27.67 52.13 OK
r-release-windows-ix86+x86_64 0.11.0 69.00 89.00 158.00 OK
r-release-osx-x86_64 0.11.0 NOTE
r-oldrel-windows-ix86+x86_64 0.11.0 113.00 75.00 188.00 OK
r-oldrel-osx-x86_64 0.11.0 NOTE

Check Details

Version: 0.11.0
Check: installed package size
Result: NOTE
     installed size is 5.0Mb
     sub-directories of 1Mb or more:
     doxygen 1.4Mb
     libs 3.0Mb
Flavors: r-release-osx-x86_64, r-oldrel-osx-x86_64