CRAN Package Check Results for Package RNifti

Last updated on 2019-10-23 05:46:39 CEST.

Flavor Version Tinstall Tcheck Ttotal Status Flags
r-devel-linux-x86_64-debian-clang 0.11.1 28.68 26.77 55.45 OK
r-devel-linux-x86_64-debian-gcc 0.11.1 23.45 22.18 45.63 OK
r-devel-linux-x86_64-fedora-clang 0.11.1 73.59 NOTE
r-devel-linux-x86_64-fedora-gcc 0.11.1 79.46 OK
r-devel-windows-ix86+x86_64 0.11.1 90.00 60.00 150.00 OK
r-patched-linux-x86_64 0.11.1 24.34 26.60 50.94 OK
r-patched-solaris-x86 0.11.1 87.80 OK
r-release-linux-x86_64 0.11.1 25.58 26.66 52.24 OK
r-release-windows-ix86+x86_64 0.11.1 96.00 57.00 153.00 OK
r-release-osx-x86_64 0.11.1 NOTE
r-oldrel-windows-ix86+x86_64 0.11.1 85.00 76.00 161.00 OK
r-oldrel-osx-x86_64 0.11.1 NOTE

Check Details

Version: 0.11.1
Check: installed package size
Result: NOTE
     installed size is 5.1Mb
     sub-directories of 1Mb or more:
     doxygen 1.5Mb
     libs 3.0Mb
Flavors: r-devel-linux-x86_64-fedora-clang, r-release-osx-x86_64, r-oldrel-osx-x86_64