CRAN Package Check Results for Package ROMDB

Last updated on 2021-12-03 05:52:11 CET.

Flavor Version Tinstall Tcheck Ttotal Status Flags
r-devel-linux-x86_64-debian-clang 0.1.0 5.45 46.55 52.00 NOTE
r-devel-linux-x86_64-debian-gcc 0.1.0 4.12 34.13 38.25 NOTE
r-devel-linux-x86_64-fedora-clang 0.1.0 74.23 NOTE
r-devel-linux-x86_64-fedora-gcc 0.1.0 58.54 NOTE
r-devel-windows-x86_64-new-UL 0.1.0 12.00 82.00 94.00 NOTE
r-devel-windows-x86_64-new-TK 0.1.0 NOTE
r-devel-windows-x86_64-old 0.1.0 9.00 47.00 56.00 NOTE
r-patched-linux-x86_64 0.1.0 5.56 41.43 46.99 NOTE
r-patched-solaris-x86 0.1.0 91.80 NOTE
r-release-linux-x86_64 0.1.0 5.14 41.72 46.86 NOTE
r-release-macos-arm64 0.1.0 NOTE
r-release-macos-x86_64 0.1.0 NOTE
r-release-windows-ix86+x86_64 0.1.0 14.00 64.00 78.00 NOTE
r-oldrel-macos-x86_64 0.1.0 OK
r-oldrel-windows-ix86+x86_64 0.1.0 14.00 64.00 78.00 OK

Check Details

Version: 0.1.0
Check: LazyData
Result: NOTE
     'LazyData' is specified without a 'data' directory
Flavors: r-devel-linux-x86_64-debian-clang, r-devel-linux-x86_64-debian-gcc, r-devel-linux-x86_64-fedora-clang, r-devel-linux-x86_64-fedora-gcc, r-devel-windows-x86_64-new-UL, r-devel-windows-x86_64-new-TK, r-devel-windows-x86_64-old, r-patched-linux-x86_64, r-patched-solaris-x86, r-release-linux-x86_64, r-release-macos-arm64, r-release-macos-x86_64, r-release-windows-ix86+x86_64