CRAN Package Check Results for Package ROracle

Last updated on 2019-02-20 05:49:59 CET.

Flavor Version Tinstall Tcheck Ttotal Status Flags
r-devel-linux-x86_64-debian-clang 1.3-1 3.85 29.73 33.58 OK --no-examples --no-tests --no-vignettes
r-devel-linux-x86_64-debian-gcc 1.3-1 3.18 23.69 26.87 OK --no-examples --no-tests --no-vignettes
r-patched-linux-x86_64 1.3-1 OK --no-examples --no-tests --no-vignettes
r-release-linux-x86_64 1.3-1 2.80 27.86 30.66 OK --no-examples --no-tests --no-vignettes
r-release-windows-ix86+x86_64 1.3-1 1.00 4.00 5.00 ERROR
r-release-osx-x86_64 1.3-1 ERROR
r-oldrel-osx-x86_64 1.3-1 ERROR

Check Details

Version: 1.3-1
Check: whether package can be installed
Result: ERROR
    Installation failed.
Flavors: r-release-windows-ix86+x86_64, r-release-osx-x86_64, r-oldrel-osx-x86_64