CRAN Package Check Results for Package ROracle

Last updated on 2019-04-25 05:49:54 CEST.

Flavor Version Tinstall Tcheck Ttotal Status Flags
r-devel-linux-x86_64-debian-clang 1.3-1 4.66 30.75 35.41 OK --no-examples --no-tests --no-vignettes
r-devel-linux-x86_64-debian-gcc 1.3-1 3.50 24.42 27.92 OK --no-examples --no-tests --no-vignettes
r-patched-linux-x86_64 1.3-1 4.31 30.53 34.84 OK --no-examples --no-tests --no-vignettes
r-release-linux-x86_64 1.3-1 2.94 27.74 30.68 OK --no-examples --no-tests --no-vignettes
r-release-windows-ix86+x86_64 1.3-1 1.00 4.00 5.00 ERROR
r-release-osx-x86_64 1.3-1 ERROR
r-oldrel-osx-x86_64 1.3-1 ERROR

Check Details

Version: 1.3-1
Check: whether package can be installed
Result: ERROR
    Installation failed.
Flavors: r-release-windows-ix86+x86_64, r-release-osx-x86_64, r-oldrel-osx-x86_64