CRAN Package Check Results for Package ROracle

Last updated on 2019-08-17 05:46:29 CEST.

Flavor Version Tinstall Tcheck Ttotal Status Flags
r-devel-linux-x86_64-debian-clang 1.3-1 4.25 30.31 34.56 OK --no-examples --no-tests --no-vignettes
r-devel-linux-x86_64-debian-gcc 1.3-1 3.61 24.14 27.75 OK --no-examples --no-tests --no-vignettes
r-devel-windows-ix86+x86_64 1.3-1 1.00 7.00 8.00 ERROR
r-patched-linux-x86_64 1.3-1 3.59 30.22 33.81 OK --no-examples --no-tests --no-vignettes
r-release-linux-x86_64 1.3-1 3.98 30.14 34.12 OK --no-examples --no-tests --no-vignettes
r-release-osx-x86_64 1.3-1 ERROR
r-oldrel-windows-ix86+x86_64 1.3-1 1.00 4.00 5.00 ERROR
r-oldrel-osx-x86_64 1.3-1 ERROR

Check Details

Version: 1.3-1
Check: whether package can be installed
Result: ERROR
    Installation failed.
Flavors: r-devel-windows-ix86+x86_64, r-release-osx-x86_64, r-oldrel-windows-ix86+x86_64, r-oldrel-osx-x86_64