CRAN Package Check Results for Package RPEGLMEN

Last updated on 2024-06-15 06:49:56 CEST.

Flavor Version Tinstall Tcheck Ttotal Status Flags
r-devel-linux-x86_64-debian-clang 1.1.2 58.55 38.28 96.83 OK
r-devel-linux-x86_64-debian-gcc 1.1.2 40.03 30.45 70.48 OK
r-devel-linux-x86_64-fedora-clang 1.1.2 138.62 OK
r-devel-linux-x86_64-fedora-gcc 1.1.2 149.92 OK
r-devel-windows-x86_64 1.1.2 54.00 70.00 124.00 OK
r-patched-linux-x86_64 1.1.2 50.41 38.03 88.44 OK
r-release-linux-x86_64 1.1.2 50.83 37.66 88.49 OK
r-release-macos-arm64 1.1.2 42.00 NOTE
r-release-macos-x86_64 1.1.2 58.00 NOTE
r-release-windows-x86_64 1.1.2 53.00 69.00 122.00 OK
r-oldrel-macos-arm64 1.1.2 47.00 NOTE
r-oldrel-macos-x86_64 1.1.2 69.00 NOTE
r-oldrel-windows-x86_64 1.1.2 64.00 75.00 139.00 OK

Check Details

Version: 1.1.2
Check: installed package size
Result: NOTE installed size is 8.0Mb sub-directories of 1Mb or more: libs 7.6Mb Flavors: r-release-macos-arm64, r-release-macos-x86_64, r-oldrel-macos-arm64, r-oldrel-macos-x86_64