CRAN Package Check Results for Package RPMG

Last updated on 2020-09-22 05:51:04 CEST.

Flavor Version Tinstall Tcheck Ttotal Status Flags
r-devel-linux-x86_64-debian-clang 2.2-3 4.35 31.59 35.94 OK
r-devel-linux-x86_64-debian-gcc 2.2-3 0.36 2.03 2.39 ERROR
r-devel-linux-x86_64-fedora-clang 2.2-3 57.06 OK
r-devel-linux-x86_64-fedora-gcc 2.2-3 44.31 OK
r-devel-windows-ix86+x86_64 2.2-3 9.00 38.00 47.00 OK
r-patched-linux-x86_64 2.2-3 4.55 31.89 36.44 OK
r-patched-solaris-x86 2.2-3 58.00 OK
r-release-linux-x86_64 2.2-3 4.99 31.39 36.38 OK
r-release-macos-x86_64 2.2-3 OK
r-release-windows-ix86+x86_64 2.2-3 9.00 41.00 50.00 OK
r-oldrel-macos-x86_64 2.2-3 OK
r-oldrel-windows-ix86+x86_64 2.2-3 7.00 38.00 45.00 OK

Check Details

Version: 2.2-3
Check: whether package can be installed
Result: ERROR
    Installation failed.
Flavor: r-devel-linux-x86_64-debian-gcc