CRAN Package Check Results for Package RQEntangle

Last updated on 2024-06-24 06:49:21 CEST.

Flavor Version Tinstall Tcheck Ttotal Status Flags
r-devel-linux-x86_64-debian-clang 0.1.3 2.53 56.90 59.43 NOTE
r-devel-linux-x86_64-debian-gcc 0.1.3 1.98 42.55 44.53 NOTE
r-devel-linux-x86_64-fedora-clang 0.1.3 74.11 NOTE
r-devel-linux-x86_64-fedora-gcc 0.1.3 83.77 NOTE
r-devel-windows-x86_64 0.1.3 3.00 58.00 61.00 NOTE
r-patched-linux-x86_64 0.1.3 3.08 54.38 57.46 NOTE
r-release-linux-x86_64 0.1.3 2.93 53.98 56.91 NOTE
r-release-macos-arm64 0.1.3 27.00 NOTE
r-release-macos-x86_64 0.1.3 63.00 NOTE
r-release-windows-x86_64 0.1.3 5.00 59.00 64.00 NOTE
r-oldrel-macos-arm64 0.1.3 29.00 NOTE
r-oldrel-macos-x86_64 0.1.3 39.00 NOTE
r-oldrel-windows-x86_64 0.1.3 3.00 65.00 68.00 NOTE

Check Details

Version: 0.1.3
Check: LazyData
Result: NOTE 'LazyData' is specified without a 'data' directory Flavors: r-devel-linux-x86_64-debian-clang, r-devel-linux-x86_64-debian-gcc, r-devel-linux-x86_64-fedora-clang, r-devel-linux-x86_64-fedora-gcc, r-devel-windows-x86_64, r-patched-linux-x86_64, r-release-linux-x86_64, r-release-macos-arm64, r-release-macos-x86_64, r-release-windows-x86_64, r-oldrel-macos-arm64, r-oldrel-macos-x86_64, r-oldrel-windows-x86_64