Last updated on 2022-05-23 05:52:51 CEST.
Flavor | Version | Tinstall | Tcheck | Ttotal | Status | Flags |
---|---|---|---|---|---|---|
r-devel-linux-x86_64-debian-clang | 0.4.16 | 728.01 | 69.67 | 797.68 | OK | |
r-devel-linux-x86_64-debian-gcc | 0.4.16 | 815.21 | 51.86 | 867.07 | OK | |
r-devel-windows-x86_64 | 0.4.16 | 5143.00 | 162.00 | 5305.00 | NOTE | |
r-patched-linux-x86_64 | 0.4.16 | 877.68 | 64.40 | 942.08 | OK | |
r-release-linux-x86_64 | 0.4.16 | OK | ||||
r-release-macos-arm64 | 0.4.16 | 286.00 | NOTE | |||
r-release-macos-x86_64 | 0.4.16 | 367.00 | NOTE | |||
r-release-windows-x86_64 | 0.4.16 | 6344.00 | 156.00 | 6500.00 | NOTE | |
r-oldrel-macos-arm64 | 0.4.16 | 283.00 | NOTE | |||
r-oldrel-macos-x86_64 | 0.4.16 | 351.00 | NOTE | |||
r-oldrel-windows-ix86+x86_64 | 0.4.16 | 2380.00 | 183.00 | 2563.00 | NOTE |
Version: 0.4.16
Check: installed package size
Result: NOTE
installed size is 14.5Mb
sub-directories of 1Mb or more:
libs 13.9Mb
Flavors: r-devel-windows-x86_64, r-release-macos-arm64, r-release-macos-x86_64, r-release-windows-x86_64, r-oldrel-macos-arm64, r-oldrel-macos-x86_64, r-oldrel-windows-ix86+x86_64