CRAN Package Check Results for Package RRedshiftSQL

Last updated on 2022-05-19 05:52:04 CEST.

Flavor Version Tinstall Tcheck Ttotal Status Flags
r-devel-linux-x86_64-debian-clang 0.1.2 2.88 39.34 42.22 NOTE
r-devel-linux-x86_64-debian-gcc 0.1.2 2.63 30.34 32.97 NOTE
r-devel-linux-x86_64-fedora-clang 0.1.2 51.30 NOTE
r-devel-linux-x86_64-fedora-gcc 0.1.2 52.36 NOTE
r-devel-windows-x86_64 0.1.2 19.00 51.00 70.00 NOTE
r-patched-linux-x86_64 0.1.2 3.37 38.38 41.75 NOTE
r-release-linux-x86_64 0.1.2 3.38 37.35 40.73 NOTE
r-release-macos-arm64 0.1.2 16.00 NOTE
r-release-macos-x86_64 0.1.2 24.00 NOTE
r-release-windows-x86_64 0.1.2 19.00 55.00 74.00 NOTE
r-oldrel-macos-arm64 0.1.2 21.00 NOTE
r-oldrel-macos-x86_64 0.1.2 30.00 NOTE
r-oldrel-windows-ix86+x86_64 0.1.2 8.00 47.00 55.00 NOTE

Check Details

Version: 0.1.2
Check: LazyData
Result: NOTE
     'LazyData' is specified without a 'data' directory
Flavors: r-devel-linux-x86_64-debian-clang, r-devel-linux-x86_64-debian-gcc, r-devel-linux-x86_64-fedora-clang, r-devel-linux-x86_64-fedora-gcc, r-devel-windows-x86_64, r-patched-linux-x86_64, r-release-linux-x86_64, r-release-macos-arm64, r-release-macos-x86_64, r-release-windows-x86_64, r-oldrel-macos-arm64, r-oldrel-macos-x86_64, r-oldrel-windows-ix86+x86_64