CRAN Package Check Results for Package RSQLite

Last updated on 2019-08-25 05:46:58 CEST.

Flavor Version Tinstall Tcheck Ttotal Status Flags
r-devel-linux-x86_64-debian-clang 2.1.2 234.01 54.57 288.58 OK
r-devel-linux-x86_64-debian-gcc 2.1.2 146.88 43.23 190.11 OK
r-devel-linux-x86_64-fedora-clang 2.1.2 416.51 WARN
r-devel-linux-x86_64-fedora-gcc 2.1.2 345.57 NOTE
r-devel-windows-ix86+x86_64 2.1.2 372.00 101.00 473.00 OK
r-patched-linux-x86_64 2.1.2 170.61 53.66 224.27 OK
r-patched-solaris-x86 2.1.2 316.70 NOTE
r-release-linux-x86_64 2.1.2 166.19 53.08 219.27 OK
r-release-windows-ix86+x86_64 2.1.2 519.00 154.00 673.00 OK
r-release-osx-x86_64 2.1.2 NOTE
r-oldrel-windows-ix86+x86_64 2.1.2 514.00 141.00 655.00 OK
r-oldrel-osx-x86_64 2.1.2 NOTE

Check Details

Version: 2.1.2
Check: whether package can be installed
Result: WARN
    Found the following significant warnings:
     DbDataFrame.cpp:52:77: warning: 'mem_fun_ref<DATA_TYPE, DbColumn>' is deprecated [-Wdeprecated-declarations]
Flavor: r-devel-linux-x86_64-fedora-clang

Version: 2.1.2
Check: installed package size
Result: NOTE
     installed size is 14.1Mb
     sub-directories of 1Mb or more:
     libs 13.5Mb
Flavors: r-devel-linux-x86_64-fedora-clang, r-release-osx-x86_64, r-oldrel-osx-x86_64

Version: 2.1.2
Check: dependencies in R code
Result: NOTE
    Namespace in Imports field not imported from: ‘pkgconfig’
     All declared Imports should be used.
Flavors: r-devel-linux-x86_64-fedora-clang, r-devel-linux-x86_64-fedora-gcc, r-patched-solaris-x86, r-release-osx-x86_64, r-oldrel-osx-x86_64