CRAN Package Check Results for Package RSQLite

Last updated on 2019-02-23 05:53:52 CET.

Flavor Version Tinstall Tcheck Ttotal Status Flags
r-devel-linux-x86_64-debian-clang 2.1.1 206.17 49.69 255.86 OK
r-devel-linux-x86_64-debian-gcc 2.1.1 133.88 40.16 174.04 OK
r-devel-linux-x86_64-fedora-clang 2.1.1 396.48 NOTE
r-devel-linux-x86_64-fedora-gcc 2.1.1 312.61 NOTE
r-devel-windows-ix86+x86_64 2.1.1 447.00 109.00 556.00 OK
r-patched-linux-x86_64 2.1.1 163.44 48.48 211.92 OK
r-patched-solaris-x86 2.1.1 267.40 NOTE
r-release-linux-x86_64 2.1.1 OK
r-release-windows-ix86+x86_64 2.1.1 466.00 127.00 593.00 OK
r-release-osx-x86_64 2.1.1 NOTE
r-oldrel-windows-ix86+x86_64 2.1.1 375.00 101.00 476.00 OK
r-oldrel-osx-x86_64 2.1.1 NOTE

Check Details

Version: 2.1.1
Check: installed package size
Result: NOTE
     installed size is 12.3Mb
     sub-directories of 1Mb or more:
     libs 11.6Mb
Flavors: r-devel-linux-x86_64-fedora-clang, r-release-osx-x86_64, r-oldrel-osx-x86_64

Version: 2.1.1
Check: dependencies in R code
Result: NOTE
    Namespace in Imports field not imported from: ‘pkgconfig’
     All declared Imports should be used.
Flavors: r-devel-linux-x86_64-fedora-clang, r-devel-linux-x86_64-fedora-gcc, r-patched-solaris-x86, r-release-osx-x86_64, r-oldrel-osx-x86_64