CRAN Package Check Results for Package RSQLite

Last updated on 2019-04-19 05:50:38 CEST.

Flavor Version Tinstall Tcheck Ttotal Status Flags
r-devel-linux-x86_64-debian-clang 2.1.1 212.78 49.03 261.81 OK
r-devel-linux-x86_64-debian-gcc 2.1.1 132.92 39.59 172.51 OK
r-devel-linux-x86_64-fedora-clang 2.1.1 401.70 NOTE
r-devel-linux-x86_64-fedora-gcc 2.1.1 301.28 NOTE
r-devel-windows-ix86+x86_64 2.1.1 471.00 110.00 581.00 OK
r-patched-linux-x86_64 2.1.1 159.93 49.68 209.61 OK
r-patched-solaris-x86 2.1.1 289.60 NOTE
r-release-linux-x86_64 2.1.1 161.58 47.95 209.53 OK
r-release-windows-ix86+x86_64 2.1.1 346.00 133.00 479.00 OK
r-release-osx-x86_64 2.1.1 NOTE
r-oldrel-windows-ix86+x86_64 2.1.1 345.00 133.00 478.00 OK
r-oldrel-osx-x86_64 2.1.1 NOTE

Check Details

Version: 2.1.1
Check: installed package size
Result: NOTE
     installed size is 12.3Mb
     sub-directories of 1Mb or more:
     libs 11.6Mb
Flavors: r-devel-linux-x86_64-fedora-clang, r-release-osx-x86_64, r-oldrel-osx-x86_64

Version: 2.1.1
Check: dependencies in R code
Result: NOTE
    Namespace in Imports field not imported from: ‘pkgconfig’
     All declared Imports should be used.
Flavors: r-devel-linux-x86_64-fedora-clang, r-devel-linux-x86_64-fedora-gcc, r-patched-solaris-x86, r-release-osx-x86_64, r-oldrel-osx-x86_64