CRAN Package Check Results for Package RSpectra

Last updated on 2019-09-21 05:48:04 CEST.

Flavor Version Tinstall Tcheck Ttotal Status Flags
r-devel-linux-x86_64-debian-clang 0.15-0 159.24 57.19 216.43 OK
r-devel-linux-x86_64-debian-gcc 0.15-0 169.14 49.30 218.44 OK
r-devel-linux-x86_64-fedora-clang 0.15-0 317.03 NOTE
r-devel-linux-x86_64-fedora-gcc 0.15-0 366.10 OK
r-devel-windows-ix86+x86_64 0.15-0 342.00 100.00 442.00 OK
r-patched-linux-x86_64 0.15-0 188.10 59.86 247.96 OK
r-patched-solaris-x86 0.15-0 295.00 OK
r-release-linux-x86_64 0.15-0 178.75 60.58 239.33 OK
r-release-windows-ix86+x86_64 0.15-0 259.00 96.00 355.00 OK
r-release-osx-x86_64 0.15-0 NOTE
r-oldrel-windows-ix86+x86_64 0.15-0 255.00 97.00 352.00 OK
r-oldrel-osx-x86_64 0.15-0 NOTE

Check Details

Version: 0.15-0
Check: installed package size
Result: NOTE
     installed size is 44.1Mb
     sub-directories of 1Mb or more:
     libs 43.4Mb
Flavors: r-devel-linux-x86_64-fedora-clang, r-release-osx-x86_64, r-oldrel-osx-x86_64