CRAN Package Check Results for Package RSuite

Last updated on 2019-07-16 05:48:31 CEST.

Flavor Version Tinstall Tcheck Ttotal Status Flags
r-devel-linux-x86_64-debian-clang 0.37-253 13.48 183.74 197.22 OK
r-devel-linux-x86_64-debian-gcc 0.37-253 10.64 142.99 153.63 OK
r-devel-linux-x86_64-fedora-clang 0.37-253 260.49 OK
r-devel-linux-x86_64-fedora-gcc 0.37-253 254.60 OK
r-devel-windows-ix86+x86_64 0.37-253 41.00 526.00 567.00 OK
r-patched-linux-x86_64 0.37-253 14.03 184.31 198.34 OK
r-patched-solaris-x86 0.37-253 144.60 ERROR
r-release-linux-x86_64 0.37-253 13.59 182.32 195.91 OK
r-release-windows-ix86+x86_64 0.37-253 24.00 592.00 616.00 OK
r-release-osx-x86_64 0.37-253 OK
r-oldrel-windows-ix86+x86_64 0.37-253 28.00 442.00 470.00 OK
r-oldrel-osx-x86_64 0.37-253 OK

Check Details

Version: 0.37-253
Check: examples
Result: ERROR
    Running examples in ‘RSuite-Ex.R’ failed
    The error most likely occurred in:
    
    > ### Name: prj_pack
    > ### Title: Prepares project source pack tagged with version.
    > ### Aliases: prj_pack
    >
    > ### ** Examples
    >
    > # create exemplary project base folder
    > prj_base <- tempfile("example_")
    > dir.create(prj_base, recursive = TRUE, showWarnings = FALSE)
    >
    > # start project
    > prj <- prj_start("my_project", skip_rc = TRUE, path = prj_base)
    2019-07-14 16:14:35 INFO:rsuite:Project my_project has structure compliant with current version of RSuite(v0.37.253).
    2019-07-14 16:14:35 INFO:rsuite:Project my_project started.
    >
    > # create package in the project
    > prj_start_package("mypackage", prj = prj, skip_rc = TRUE)
    2019-07-14 16:14:35 INFO:rsuite:Package mypackage started in project my_project.
    >
    > # build project source pack
    > pack_fpath <- prj_pack(prj = prj, path = tempdir(), pack_ver = "1.0")
    2019-07-14 16:14:35 WARNING:rsuite:Project environment is not locked!
    2019-07-14 16:14:35 INFO:rsuite:Exporting project from /tmp/RtmpBFay1i/example_11ab13cb2e6c/my_project ...
    2019-07-14 16:14:35 INFO:rsuite:Exporting project from /tmp/RtmpBFay1i/example_11ab13cb2e6c/my_project ... done
    2019-07-14 16:14:36 WARNING:rsuite:Zip building aborted for /tmp/RtmpBFay1i/prjpack_my_project_1.0x.zip
    2019-07-14 16:14:36 ERROR:rsuite:Failed to create pack file (zip returned non 0 return status).
    Error: Failed to create pack file (zip returned non 0 return status).
    Execution halted
Flavor: r-patched-solaris-x86