CRAN Package Check Results for Package RTest

Last updated on 2019-12-09 05:47:27 CET.

Flavor Version Tinstall Tcheck Ttotal Status Flags
r-devel-linux-x86_64-debian-clang 1.2.6 11.46 96.12 107.58 OK
r-devel-linux-x86_64-debian-gcc 1.2.6 10.65 73.39 84.04 OK
r-devel-linux-x86_64-fedora-clang 1.2.6 139.74 OK
r-devel-linux-x86_64-fedora-gcc 1.2.6 131.63 OK
r-devel-windows-ix86+x86_64 1.2.6 24.00 125.00 149.00 OK
r-devel-windows-ix86+x86_64-gcc8 1.2.5 24.00 127.00 151.00 OK
r-patched-linux-x86_64 1.2.6 8.82 86.65 95.47 OK
r-patched-solaris-x86 1.2.6 171.60 OK
r-release-linux-x86_64 1.2.6 9.27 87.18 96.45 OK
r-release-windows-ix86+x86_64 1.2.6 26.00 189.00 215.00 OK
r-release-osx-x86_64 1.2.6 ERROR
r-oldrel-windows-ix86+x86_64 1.2.6 14.00 115.00 129.00 OK
r-oldrel-osx-x86_64 1.2.6 ERROR

Check Details

Version: 1.2.6
Check: tests
Result: ERROR
     Running ‘run_test.R’ [7s/7s]
    Running the tests in ‘tests/run_test.R’ failed.
    Complete output:
     > all_files <- list.files("testthat",full.names=T,pattern="*.R$")
     >
     > sapply(all_files,source)
     Loading required package: magick
     Linking to ImageMagick 6.9.9.39
     Enabled features: cairo, fontconfig, freetype, lcms, pango, rsvg, webp
     Disabled features: fftw, ghostscript, x11
     Loading required package: XML
     Error: Test failed: 'RTestCollection write HTML summary errors'
     * `writeExecSummary.html(...)` produced warnings.
     * `writeExecSummary.html(...)` produced warnings.
     Execution halted
Flavor: r-release-osx-x86_64

Version: 1.2.6
Check: tests
Result: ERROR
     Running ‘run_test.R’ [8s/8s]
    Running the tests in ‘tests/run_test.R’ failed.
    Complete output:
     > all_files <- list.files("testthat",full.names=T,pattern="*.R$")
     >
     > sapply(all_files,source)
     Loading required package: magick
     Linking to ImageMagick 6.9.9.39
     Enabled features: cairo, fontconfig, freetype, lcms, pango, rsvg, webp
     Disabled features: fftw, ghostscript, x11
     Loading required package: XML
     Error: Test failed: 'RTestCollection write HTML summary errors'
     * `writeExecSummary.html(...)` produced warnings.
     * `writeExecSummary.html(...)` produced warnings.
     Execution halted
Flavor: r-oldrel-osx-x86_64