Last updated on 2022-08-16 05:54:10 CEST.
Flavor | Version | Tinstall | Tcheck | Ttotal | Status | Flags |
---|---|---|---|---|---|---|
r-devel-linux-x86_64-debian-clang | 1.0.19 | 251.92 | 102.36 | 354.28 | OK | |
r-devel-linux-x86_64-debian-gcc | 1.0.19 | 167.95 | 81.40 | 249.35 | OK | |
r-devel-linux-x86_64-fedora-clang | 1.0.19 | 456.52 | OK | |||
r-devel-linux-x86_64-fedora-gcc | 1.0.19 | 400.05 | OK | |||
r-devel-windows-x86_64 | 1.0.19 | 117.00 | 140.00 | 257.00 | OK | |
r-patched-linux-x86_64 | 1.0.19 | 183.46 | 103.30 | 286.76 | OK | |
r-release-linux-x86_64 | 1.0.19 | 165.22 | 104.56 | 269.78 | OK | |
r-release-macos-arm64 | 1.0.19 | 100.00 | NOTE | |||
r-release-macos-x86_64 | 1.0.19 | 126.00 | NOTE | |||
r-release-windows-x86_64 | 1.0.19 | 117.00 | 151.00 | 268.00 | OK | |
r-oldrel-macos-arm64 | 1.0.19 | 105.00 | NOTE | |||
r-oldrel-macos-x86_64 | 1.0.19 | 170.00 | NOTE | |||
r-oldrel-windows-ix86+x86_64 | 1.0.19 | 398.00 | 207.00 | 605.00 | OK |
Version: 1.0.19
Check: installed package size
Result: NOTE
installed size is 47.0Mb
sub-directories of 1Mb or more:
libs 46.4Mb
Flavors: r-release-macos-arm64, r-release-macos-x86_64, r-oldrel-macos-arm64, r-oldrel-macos-x86_64