CRAN Package Check Results for Package RUnit

Last updated on 2020-11-29 05:47:31 CET.

Flavor Version Tinstall Tcheck Ttotal Status Flags
r-devel-linux-x86_64-debian-clang 0.4.32 4.50 35.81 40.31 NOTE
r-devel-linux-x86_64-debian-gcc 0.4.32 2.86 28.74 31.60 NOTE
r-devel-linux-x86_64-fedora-clang 0.4.32 55.67 NOTE
r-devel-linux-x86_64-fedora-gcc 0.4.32 45.87 NOTE
r-devel-windows-ix86+x86_64 0.4.32 7.00 49.00 56.00 OK
r-patched-linux-x86_64 0.4.32 4.49 34.77 39.26 NOTE
r-patched-solaris-x86 0.4.32 66.70 NOTE
r-release-linux-x86_64 0.4.32 4.49 34.30 38.79 NOTE
r-release-macos-x86_64 0.4.32 OK
r-release-windows-ix86+x86_64 0.4.32 7.00 58.00 65.00 OK
r-oldrel-macos-x86_64 0.4.32 OK
r-oldrel-windows-ix86+x86_64 0.4.32 6.00 49.00 55.00 OK

Check Details

Version: 0.4.32
Check: for non-standard things in the check directory
Result: NOTE
    Found the following files/directories:
     'results'
Flavors: r-devel-linux-x86_64-debian-clang, r-devel-linux-x86_64-debian-gcc, r-devel-linux-x86_64-fedora-clang, r-devel-linux-x86_64-fedora-gcc, r-patched-linux-x86_64, r-patched-solaris-x86, r-release-linux-x86_64