CRAN Package Check Results for Package RagGrid

Last updated on 2024-06-20 06:57:21 CEST.

Flavor Version Tinstall Tcheck Ttotal Status Flags
r-devel-linux-x86_64-debian-clang 0.2.0 2.88 27.95 30.83 OK
r-devel-linux-x86_64-debian-gcc 0.2.0 2.78 22.30 25.08 OK
r-devel-linux-x86_64-fedora-clang 0.2.0 40.17 NOTE
r-devel-linux-x86_64-fedora-gcc 0.2.0 38.80 NOTE
r-devel-windows-x86_64 0.2.0 5.00 43.00 48.00 OK
r-patched-linux-x86_64 0.2.0 2.62 27.70 30.32 OK
r-release-linux-x86_64 0.2.0 3.61 27.29 30.90 OK
r-release-macos-arm64 0.2.0 18.00 OK
r-release-macos-x86_64 0.2.0 37.00 OK
r-release-windows-x86_64 0.2.0 4.00 44.00 48.00 OK
r-oldrel-macos-arm64 0.2.0 19.00 OK
r-oldrel-macos-x86_64 0.2.0 24.00 OK
r-oldrel-windows-x86_64 0.2.0 5.00 48.00 53.00 OK

Check Details

Version: 0.2.0
Check: dependencies in R code
Result: NOTE Namespace in Imports field not imported from: ‘knitr’ All declared Imports should be used. Flavors: r-devel-linux-x86_64-fedora-clang, r-devel-linux-x86_64-fedora-gcc