CRAN Package Check Results for Package RandomFields

Last updated on 2022-01-27 05:56:03 CET.

Flavor Version Tinstall Tcheck Ttotal Status Flags
r-devel-linux-x86_64-debian-clang 3.3.14 102.48 279.06 381.54 OK
r-devel-linux-x86_64-debian-gcc 3.3.14 89.42 205.52 294.94 OK
r-devel-linux-x86_64-fedora-clang 3.3.14 510.29 NOTE
r-devel-linux-x86_64-fedora-gcc 3.3.14 498.68 OK
r-devel-windows-x86_64-new-UL 3.3.14 985.00 334.00 1319.00 OK
r-devel-windows-x86_64-new-TK 3.3.14 NOTE
r-patched-linux-x86_64 3.3.14 114.51 258.71 373.22 OK
r-release-linux-x86_64 3.3.14 105.28 260.75 366.03 OK
r-release-macos-arm64 3.3.13 NOTE
r-release-macos-x86_64 3.3.14 NOTE
r-release-windows-ix86+x86_64 3.3.14 210.00 414.00 624.00 NOTE
r-oldrel-macos-x86_64 3.3.14 NOTE
r-oldrel-windows-ix86+x86_64 3.3.14 210.00 416.00 626.00 NOTE

Check Details

Version: 3.3.14
Check: installed package size
Result: NOTE
     installed size is 8.4Mb
     sub-directories of 1Mb or more:
     R 1.6Mb
     help 1.2Mb
     libs 5.4Mb
Flavors: r-devel-linux-x86_64-fedora-clang, r-release-macos-x86_64, r-release-windows-ix86+x86_64, r-oldrel-macos-x86_64, r-oldrel-windows-ix86+x86_64

Version: 3.3.14
Check: package dependencies
Result: NOTE
    Package suggested but not available for checking: 'nloptr'
Flavor: r-devel-windows-x86_64-new-TK

Version: 3.3.13
Check: installed package size
Result: NOTE
     installed size is 9.0Mb
     sub-directories of 1Mb or more:
     R 2.0Mb
     help 2.1Mb
     libs 4.8Mb
Flavor: r-release-macos-arm64

Version: 3.3.14
Check: Rd cross-references
Result: NOTE
    Package unavailable to check Rd xrefs: ‘raster’
Flavor: r-oldrel-macos-x86_64