CRAN Package Check Results for Package RcmdrPlugin.IPSUR

Last updated on 2019-09-16 05:47:05 CEST.

Flavor Version Tinstall Tcheck Ttotal Status Flags
r-devel-linux-x86_64-debian-clang 0.2-1.1 25.92 130.01 155.93 NOTE
r-devel-linux-x86_64-debian-gcc 0.2-1.1 21.47 101.10 122.57 NOTE
r-devel-linux-x86_64-fedora-clang 0.2-1.1 194.74 NOTE
r-devel-linux-x86_64-fedora-gcc 0.2-1.1 192.50 NOTE
r-devel-windows-ix86+x86_64 0.2-1.1 71.00 244.00 315.00 NOTE
r-patched-linux-x86_64 0.2-1.1 26.21 130.41 156.62 NOTE
r-patched-solaris-x86 0.2-1.1 332.80 NOTE
r-release-linux-x86_64 0.2-1.1 26.53 129.73 156.26 NOTE
r-release-windows-ix86+x86_64 0.2-1.1 48.00 220.00 268.00 NOTE
r-release-osx-x86_64 0.2-1.1 NOTE
r-oldrel-windows-ix86+x86_64 0.2-1.1 62.00 142.00 204.00 NOTE
r-oldrel-osx-x86_64 0.2-1.1 NOTE

Check Details

Version: 0.2-1.1
Check: dependencies in R code
Result: NOTE
    'library' or 'require' calls in package code:
     'abind' 'e1071' 'qcc'
     Please use :: or requireNamespace() instead.
     See section 'Suggested packages' in the 'Writing R Extensions' manual.
Flavors: r-devel-linux-x86_64-debian-clang, r-devel-linux-x86_64-debian-gcc, r-devel-linux-x86_64-fedora-clang, r-devel-linux-x86_64-fedora-gcc, r-devel-windows-ix86+x86_64, r-patched-linux-x86_64, r-patched-solaris-x86, r-release-linux-x86_64, r-release-windows-ix86+x86_64, r-release-osx-x86_64, r-oldrel-windows-ix86+x86_64, r-oldrel-osx-x86_64