CRAN Package Check Results for Package RcmdrPlugin.IPSUR

Last updated on 2020-01-28 05:50:27 CET.

Flavor Version Tinstall Tcheck Ttotal Status Flags
r-devel-linux-x86_64-debian-clang 0.2-1.1 29.51 143.84 173.35 NOTE
r-devel-linux-x86_64-debian-gcc 0.2-1.1 23.24 110.02 133.26 NOTE
r-devel-linux-x86_64-fedora-clang 0.2-1.1 215.22 NOTE
r-devel-linux-x86_64-fedora-gcc 0.2-1.1 213.99 NOTE
r-devel-windows-ix86+x86_64 0.2-1.1 55.00 167.00 222.00 NOTE
r-devel-windows-ix86+x86_64-gcc8 0.2-1.1 91.00 156.00 247.00 NOTE
r-patched-linux-x86_64 0.2-1.1 NOTE
r-patched-solaris-x86 0.2-1.1 327.70 NOTE
r-release-linux-x86_64 0.2-1.1 25.09 127.21 152.30 NOTE
r-release-windows-ix86+x86_64 0.2-1.1 58.00 134.00 192.00 NOTE
r-release-osx-x86_64 0.2-1.1 NOTE
r-oldrel-windows-ix86+x86_64 0.2-1.1 61.00 130.00 191.00 NOTE
r-oldrel-osx-x86_64 0.2-1.1 NOTE

Check Details

Version: 0.2-1.1
Check: dependencies in R code
Result: NOTE
    'library' or 'require' calls in package code:
     'abind' 'e1071' 'qcc'
     Please use :: or requireNamespace() instead.
     See section 'Suggested packages' in the 'Writing R Extensions' manual.
Flavors: r-devel-linux-x86_64-debian-clang, r-devel-linux-x86_64-debian-gcc, r-devel-linux-x86_64-fedora-clang, r-devel-linux-x86_64-fedora-gcc, r-devel-windows-ix86+x86_64, r-devel-windows-ix86+x86_64-gcc8, r-patched-linux-x86_64, r-patched-solaris-x86, r-release-linux-x86_64, r-release-windows-ix86+x86_64, r-release-osx-x86_64, r-oldrel-windows-ix86+x86_64, r-oldrel-osx-x86_64

Version: 0.2-1.1
Check: package dependencies
Result: NOTE
    Packages suggested but not available for checking: 'distr', 'distrEx'
Flavor: r-devel-linux-x86_64-debian-gcc