Last updated on 2022-05-19 05:52:02 CEST.
Flavor | Version | Tinstall | Tcheck | Ttotal | Status | Flags |
---|---|---|---|---|---|---|
r-devel-linux-x86_64-debian-clang | 1.0-18 | 25.33 | 177.02 | 202.35 | NOTE | |
r-devel-linux-x86_64-debian-gcc | 1.0-19 | 18.98 | 129.61 | 148.59 | OK | |
r-devel-linux-x86_64-fedora-clang | 1.0-19 | 250.11 | OK | |||
r-devel-linux-x86_64-fedora-gcc | 1.0-19 | 259.00 | OK | |||
r-devel-windows-x86_64 | 1.0-19 | 49.00 | 186.00 | 235.00 | OK | |
r-patched-linux-x86_64 | 1.0-19 | 22.68 | 162.54 | 185.22 | OK | |
r-release-linux-x86_64 | 1.0-18 | 23.18 | 165.90 | 189.08 | NOTE | |
r-release-macos-arm64 | 1.0-19 | 81.00 | OK | |||
r-release-macos-x86_64 | 1.0-19 | 115.00 | OK | |||
r-release-windows-x86_64 | 1.0-19 | 47.00 | 155.00 | 202.00 | OK | |
r-oldrel-macos-arm64 | 1.0-19 | 62.00 | OK | |||
r-oldrel-macos-x86_64 | 1.0-19 | 96.00 | OK | |||
r-oldrel-windows-ix86+x86_64 | 1.0-18 | 47.00 | 181.00 | 228.00 | NOTE |
Version: 1.0-18
Check: R code for possible problems
Result: NOTE
fncLRpROC: no visible global function definition for 'palette'
fncLRpROC : onOK : convert: no visible global function definition for
'col2rgb'
fncLRpROC : onOK : convert: no visible global function definition for
'rgb'
fncPairedpROC: no visible global function definition for 'palette'
fncPairedpROC : onOK : convert: no visible global function definition
for 'col2rgb'
fncPairedpROC : onOK : convert: no visible global function definition
for 'rgb'
fncUnpairedpROC: no visible global function definition for 'palette'
fncUnpairedpROC : onOK : convert: no visible global function definition
for 'col2rgb'
fncUnpairedpROC : onOK : convert: no visible global function definition
for 'rgb'
fncvpROC: no visible global function definition for 'palette'
fncvpROC : onOK : convert: no visible global function definition for
'col2rgb'
fncvpROC : onOK : convert: no visible global function definition for
'rgb'
Undefined global functions or variables:
col2rgb palette rgb
Consider adding
importFrom("grDevices", "col2rgb", "palette", "rgb")
to your NAMESPACE file.
Flavors: r-devel-linux-x86_64-debian-clang, r-release-linux-x86_64, r-oldrel-windows-ix86+x86_64