CRAN Package Check Results for Package RcmdrPlugin.UCA

Last updated on 2024-06-13 06:58:15 CEST.

Flavor Version Tinstall Tcheck Ttotal Status Flags
r-devel-linux-x86_64-debian-clang 5.1-1 22.89 197.43 220.32 NOTE
r-devel-linux-x86_64-debian-gcc 5.1-1 0.38 1.73 2.11 ERROR
r-devel-linux-x86_64-fedora-clang 5.1-1 289.96 NOTE
r-devel-linux-x86_64-fedora-gcc 5.1-1 286.89 NOTE
r-devel-windows-x86_64 5.1-1 29.00 262.00 291.00 NOTE
r-patched-linux-x86_64 5.1-1 23.49 189.30 212.79 NOTE
r-release-linux-x86_64 5.1-1 21.01 194.30 215.31 NOTE
r-release-macos-arm64 5.1-1 104.00 NOTE
r-release-macos-x86_64 5.1-1 136.00 NOTE
r-release-windows-x86_64 5.1-1 27.00 249.00 276.00 NOTE
r-oldrel-macos-arm64 5.1-1 88.00 NOTE
r-oldrel-macos-x86_64 5.1-1 138.00 NOTE
r-oldrel-windows-x86_64 5.1-1 26.00 193.00 219.00 NOTE

Check Details

Version: 5.1-1
Check: package dependencies
Result: NOTE Depends: includes the non-default packages: 'IQCC', 'qcc', 'qicharts2', 'randtests', 'rmarkdown', 'TeachingDemos', 'tseries' Adding so many packages to the search path is excessive and importing selectively is preferable. Flavors: r-devel-linux-x86_64-debian-clang, r-devel-linux-x86_64-fedora-clang, r-devel-linux-x86_64-fedora-gcc, r-devel-windows-x86_64, r-patched-linux-x86_64, r-release-linux-x86_64, r-release-macos-arm64, r-release-macos-x86_64, r-release-windows-x86_64, r-oldrel-macos-arm64, r-oldrel-macos-x86_64, r-oldrel-windows-x86_64

Version: 5.1-1
Check: package dependencies
Result: ERROR Packages required but not available: 'qicharts2', 'Rcmdr' Package suggested but not available for checking: ‘car’ Depends: includes the non-default packages: 'IQCC', 'qcc', 'qicharts2', 'randtests', 'rmarkdown', 'TeachingDemos', 'tseries' Adding so many packages to the search path is excessive and importing selectively is preferable. See section ‘The DESCRIPTION file’ in the ‘Writing R Extensions’ manual. Flavor: r-devel-linux-x86_64-debian-gcc