CRAN Package Check Results for Package RcppArmadillo

Last updated on 2019-07-16 05:48:28 CEST.

Flavor Version Tinstall Tcheck Ttotal Status Flags
r-devel-linux-x86_64-debian-clang 0.9.500.2.0 39.80 230.86 270.66 OK
r-devel-linux-x86_64-debian-gcc 0.9.600.4.0 28.10 170.32 198.42 OK
r-devel-linux-x86_64-fedora-clang 0.9.600.4.0 357.82 NOTE
r-devel-linux-x86_64-fedora-gcc 0.9.600.4.0 355.35 OK
r-devel-windows-ix86+x86_64 0.9.600.4.0 126.00 518.00 644.00 NOTE
r-patched-linux-x86_64 0.9.500.2.0 34.77 220.14 254.91 OK
r-patched-solaris-x86 0.9.600.4.0 262.30 NOTE
r-release-linux-x86_64 0.9.500.2.0 36.10 219.22 255.32 OK
r-release-windows-ix86+x86_64 0.9.500.2.0 93.00 563.00 656.00 NOTE
r-release-osx-x86_64 0.9.500.2.0 NOTE
r-oldrel-windows-ix86+x86_64 0.9.600.4.0 86.00 394.00 480.00 NOTE
r-oldrel-osx-x86_64 0.9.500.2.0 NOTE

Check Details

Version: 0.9.600.4.0
Check: installed package size
Result: NOTE
     installed size is 8.3Mb
     sub-directories of 1Mb or more:
     include 5.8Mb
     libs 1.5Mb
Flavors: r-devel-linux-x86_64-fedora-clang, r-devel-windows-ix86+x86_64, r-patched-solaris-x86, r-oldrel-windows-ix86+x86_64

Version: 0.9.500.2.0
Check: installed package size
Result: NOTE
     installed size is 8.6Mb
     sub-directories of 1Mb or more:
     include 6.0Mb
     libs 1.6Mb
Flavors: r-release-windows-ix86+x86_64, r-release-osx-x86_64, r-oldrel-osx-x86_64