CRAN Package Check Results for Package RcppArmadillo

Last updated on 2020-06-04 05:49:12 CEST.

Flavor Version Tinstall Tcheck Ttotal Status Flags
r-devel-linux-x86_64-debian-clang 0.9.880.1.0 46.21 42.66 88.87 OK
r-devel-linux-x86_64-debian-gcc 0.9.880.1.0 35.95 33.71 69.66 OK
r-devel-linux-x86_64-fedora-clang 0.9.880.1.0 129.96 ERROR
r-devel-linux-x86_64-fedora-gcc 0.9.880.1.0 114.65 OK
r-devel-windows-ix86+x86_64 0.9.880.1.0 131.00 428.00 559.00 NOTE
r-patched-linux-x86_64 0.9.880.1.0 37.48 42.57 80.05 OK
r-patched-solaris-x86 0.9.880.1.0 313.90 NOTE
r-release-linux-x86_64 0.9.880.1.0 37.26 42.46 79.72 OK
r-release-osx-x86_64 0.9.880.1.0 NOTE
r-release-windows-ix86+x86_64 0.9.880.1.0 94.00 404.00 498.00 NOTE
r-oldrel-osx-x86_64 0.9.880.1.0 NOTE
r-oldrel-windows-ix86+x86_64 0.9.880.1.0 127.00 400.00 527.00 NOTE

Check Details

Version: 0.9.880.1.0
Check: installed package size
Result: NOTE
     installed size is 9.0Mb
     sub-directories of 1Mb or more:
     include 6.0Mb
     libs 1.9Mb
Flavors: r-devel-linux-x86_64-fedora-clang, r-devel-windows-ix86+x86_64, r-patched-solaris-x86, r-release-osx-x86_64, r-release-windows-ix86+x86_64, r-oldrel-osx-x86_64, r-oldrel-windows-ix86+x86_64

Version: 0.9.880.1.0
Check: tests
Result: ERROR
     Running ‘tinytest.R’ [0s/271s]
    Running the tests in ‘tests/tinytest.R’ failed.
    Complete output:
     >
     > if (requireNamespace("tinytest", quietly=TRUE) &&
     + utils::packageVersion("tinytest") >= "1.0.0") {
     +
     + ## Set a seed to make the test deterministic
     + set.seed(42)
     +
     + ## R makes us to this
     + Sys.setenv("R_TESTS"="")
     +
     + ## there are several more granular ways to test files in a tinytest directory,
     + ## see its package vignette; tests can also run once the package is installed
     + ## using the same command `test_package(pkgName)`, or by director or file
     + tinytest::test_package("RcppArmadillo", ncpu=getOption("Ncpus", 1))
     + }
     starting worker pid=31410 on localhost:11114 at 13:16:04.315
    
     Running test_Rlapack.R................ 7 tests <1b>[0;32mOK<1b>[0m
     OMP: Warning #96: Cannot form a team with 10 threads, using 2 instead.
     OMP: Hint Consider unsetting KMP_DEVICE_THREAD_LIMIT (KMP_ALL_THREADS), KMP_TEAMS_THREAD_LIMIT, and OMP_THREAD_LIMIT (if any are set).
    
     Running test_complex.R................ 11 tests <1b>[0;32mOK<1b>[0m
    
     Running test_cube.R................... 18 tests <1b>[0;32mOK<1b>[0m
    
     Running test_fastLm.R................. 25 tests <1b>[0;32mOK<1b>[0m
    
     Running test_rcpparmadillo.R.......... 48 tests <1b>[0;32mOK<1b>[0m
    
     Running test_rmultinom.R.............. 9 tests <1b>[0;32mOK<1b>[0m
    
     Running test_rng.R.................... 10 tests <1b>[0;32mOK<1b>[0m
    
     Running test_sample.R................. 21 tests <1b>[0;32mOK<1b>[0m
    
     Running test_scipy2r.R................ 4 tests <1b>[0;32mOK<1b>[0m
     In file included from sparse.cpp:23:
     In file included from /data/gannet/ripley/R/packages/tests-clang/RcppArmadillo.Rcheck/RcppArmadillo/include/RcppArmadillo.h:31:
     In file included from /data/gannet/ripley/R/packages/tests-clang/RcppArmadillo.Rcheck/RcppArmadillo/include/RcppArmadilloForward.h:49:
     /data/gannet/ripley/R/packages/tests-clang/RcppArmadillo.Rcheck/RcppArmadillo/include/armadillo:96:12: fatal error: 'omp.h' file not found
     #include <omp.h>
     ^~~~~~~
     1 error generated.
     make[1]: *** [/data/gannet/ripley/R/R-clang/etc/Makeconf:171: sparse.o] Error 1
     make[1]: Target 'all' not remade because of errors.
     make[1]: Entering directory '/tmp/Rtmp5zhL60/working_dir/RtmpACmJl6/sourceCpp-x86_64-pc-linux-gnu-1.0.4.6/sourcecpp_7ab2dc68cf3'
     clang++ -std=gnu++11 -I"/data/gannet/ripley/R/R-clang/include" -DNDEBUG -I../inst/include -fopenmp -I"/data/gannet/ripley/R/test-clang/Rcpp/include" -I"/data/gannet/ripley/R/packages/tests-clang/RcppArmadillo.Rcheck/RcppArmadillo/include" -I"/data/gannet/ripley/R/packages/tests-clang/RcppArmadillo.Rcheck/RcppArmadillo/tinytest/cpp" -isystem /usr/local/clang/include -fpic -g -O3 -Wall -pedantic -frtti -c sparse.cpp -o sparse.o
     make[1]: Leaving directory '/tmp/Rtmp5zhL60/working_dir/RtmpACmJl6/sourceCpp-x86_64-pc-linux-gnu-1.0.4.6/sourcecpp_7ab2dc68cf3'
     Error in checkForRemoteErrors(val) :
     one node produced an error: Error 1 occurred building shared library.
     Calls: <Anonymous> ... clusterApply -> staticClusterApply -> checkForRemoteErrors
     Execution halted
Flavor: r-devel-linux-x86_64-fedora-clang