CRAN Package Check Results for Package RcppCCTZ

Last updated on 2024-06-15 06:49:54 CEST.

Flavor Version Tinstall Tcheck Ttotal Status Flags
r-devel-linux-x86_64-debian-clang 0.2.12 53.52 30.66 84.18 NOTE
r-devel-linux-x86_64-debian-gcc 0.2.12 31.93 24.17 56.10 NOTE
r-devel-linux-x86_64-fedora-clang 0.2.12 133.47 NOTE
r-devel-linux-x86_64-fedora-gcc 0.2.12 114.35 NOTE
r-devel-windows-x86_64 0.2.12 41.00 83.00 124.00 NOTE
r-patched-linux-x86_64 0.2.12 42.40 29.88 72.28 NOTE
r-release-linux-x86_64 0.2.12 41.96 29.26 71.22 NOTE
r-release-macos-arm64 0.2.12 29.00 NOTE
r-release-macos-x86_64 0.2.12 35.00 NOTE
r-release-windows-x86_64 0.2.12 43.00 78.00 121.00 NOTE
r-oldrel-macos-arm64 0.2.12 34.00 NOTE
r-oldrel-macos-x86_64 0.2.12 53.00 NOTE
r-oldrel-windows-x86_64 0.2.12 41.00 87.00 128.00 NOTE

Check Details

Version: 0.2.12
Check: C++ specification
Result: NOTE Specified C++11: please drop specification unless essential Flavors: r-devel-linux-x86_64-debian-clang, r-devel-linux-x86_64-debian-gcc, r-devel-linux-x86_64-fedora-clang, r-devel-linux-x86_64-fedora-gcc, r-devel-windows-x86_64, r-patched-linux-x86_64, r-release-linux-x86_64, r-release-macos-arm64, r-release-macos-x86_64, r-release-windows-x86_64, r-oldrel-macos-arm64, r-oldrel-macos-x86_64, r-oldrel-windows-x86_64