CRAN Package Check Results for Package RcppClock

Last updated on 2024-06-18 05:57:45 CEST.

Flavor Version Tinstall Tcheck Ttotal Status Flags
r-devel-linux-x86_64-debian-clang 1.1 24.41 54.46 78.87 NOTE
r-devel-linux-x86_64-debian-gcc 1.1 15.24 43.86 59.10 NOTE
r-devel-linux-x86_64-fedora-clang 1.1 105.91 NOTE
r-devel-linux-x86_64-fedora-gcc 1.1 104.95 NOTE
r-devel-windows-x86_64 1.1 22.00 98.00 120.00 NOTE
r-patched-linux-x86_64 1.1 19.49 54.44 73.93 NOTE
r-release-linux-x86_64 1.1 21.23 54.51 75.74 NOTE
r-release-macos-arm64 1.1 29.00 NOTE
r-release-macos-x86_64 1.1 50.00 NOTE
r-release-windows-x86_64 1.1 22.00 108.00 130.00 NOTE
r-oldrel-macos-arm64 1.1 30.00 NOTE
r-oldrel-macos-x86_64 1.1 46.00 NOTE
r-oldrel-windows-x86_64 1.1 26.00 102.00 128.00 NOTE

Check Details

Version: 1.1
Check: C++ specification
Result: NOTE Specified C++11: please drop specification unless essential Flavors: r-devel-linux-x86_64-debian-clang, r-devel-linux-x86_64-debian-gcc, r-devel-linux-x86_64-fedora-clang, r-devel-linux-x86_64-fedora-gcc, r-devel-windows-x86_64, r-patched-linux-x86_64, r-release-linux-x86_64, r-release-macos-arm64, r-release-macos-x86_64, r-release-windows-x86_64, r-oldrel-macos-arm64, r-oldrel-macos-x86_64, r-oldrel-windows-x86_64