CRAN Package Check Results for Package RcppEigen

Last updated on 2020-08-08 05:47:15 CEST.

Flavor Version Tinstall Tcheck Ttotal Status Flags
r-devel-linux-x86_64-debian-clang 0.3.3.7.0 77.18 74.66 151.84 OK
r-devel-linux-x86_64-debian-gcc 0.3.3.7.0 65.76 59.35 125.11 OK
r-devel-linux-x86_64-fedora-clang 0.3.3.7.0 208.30 NOTE
r-devel-linux-x86_64-fedora-gcc 0.3.3.7.0 199.39 OK
r-devel-windows-ix86+x86_64 0.3.3.7.0 183.00 414.00 597.00 NOTE
r-patched-linux-x86_64 0.3.3.7.0 69.58 75.17 144.75 OK
r-patched-solaris-x86 0.3.3.7.0 297.30 NOTE
r-release-linux-x86_64 0.3.3.7.0 71.52 75.27 146.79 OK
r-release-macos-x86_64 0.3.3.7.0 NOTE
r-release-windows-ix86+x86_64 0.3.3.7.0 183.00 448.00 631.00 NOTE
r-oldrel-macos-x86_64 0.3.3.7.0 NOTE
r-oldrel-windows-ix86+x86_64 0.3.3.7.0 115.00 391.00 506.00 NOTE

Check Details

Version: 0.3.3.7.0
Check: installed package size
Result: NOTE
     installed size is 32.7Mb
     sub-directories of 1Mb or more:
     include 7.9Mb
     libs 24.1Mb
Flavors: r-devel-linux-x86_64-fedora-clang, r-devel-windows-ix86+x86_64, r-patched-solaris-x86, r-release-macos-x86_64, r-release-windows-ix86+x86_64, r-oldrel-macos-x86_64, r-oldrel-windows-ix86+x86_64