CRAN Package Check Results for Package RcppEigen

Last updated on 2019-07-16 05:48:28 CEST.

Flavor Version Tinstall Tcheck Ttotal Status Flags
r-devel-linux-x86_64-debian-clang 0.3.3.5.0 67.50 350.82 418.32 OK
r-devel-linux-x86_64-debian-gcc 0.3.3.5.0 65.21 259.68 324.89 OK
r-devel-linux-x86_64-fedora-clang 0.3.3.5.0 528.58 NOTE
r-devel-linux-x86_64-fedora-gcc 0.3.3.5.0 516.80 OK
r-devel-windows-ix86+x86_64 0.3.3.5.0 161.00 541.00 702.00 NOTE
r-patched-linux-x86_64 0.3.3.5.0 71.82 338.82 410.64 OK
r-patched-solaris-x86 0.3.3.5.0 490.60 NOTE
r-release-linux-x86_64 0.3.3.5.0 70.47 340.99 411.46 OK
r-release-windows-ix86+x86_64 0.3.3.5.0 126.00 737.00 863.00 NOTE
r-release-osx-x86_64 0.3.3.5.0 NOTE
r-oldrel-windows-ix86+x86_64 0.3.3.5.0 164.00 522.00 686.00 NOTE
r-oldrel-osx-x86_64 0.3.3.5.0 NOTE

Check Details

Version: 0.3.3.5.0
Check: installed package size
Result: NOTE
     installed size is 32.1Mb
     sub-directories of 1Mb or more:
     include 7.9Mb
     libs 23.5Mb
Flavors: r-devel-linux-x86_64-fedora-clang, r-devel-windows-ix86+x86_64, r-patched-solaris-x86, r-release-windows-ix86+x86_64, r-release-osx-x86_64, r-oldrel-windows-ix86+x86_64, r-oldrel-osx-x86_64