CRAN Package Check Results for Package RcppEigen

Last updated on 2020-01-17 05:47:23 CET.

Flavor Version Tinstall Tcheck Ttotal Status Flags
r-devel-linux-x86_64-debian-clang 0.3.3.7.0 74.12 73.27 147.39 OK
r-devel-linux-x86_64-debian-gcc 0.3.3.7.0 61.46 59.32 120.78 OK
r-devel-linux-x86_64-fedora-clang 0.3.3.7.0 194.26 NOTE
r-devel-linux-x86_64-fedora-gcc 0.3.3.7.0 199.68 OK
r-devel-windows-ix86+x86_64 0.3.3.7.0 178.00 386.00 564.00 NOTE
r-devel-windows-ix86+x86_64-gcc8 0.3.3.7.0 143.00 401.00 544.00 NOTE
r-patched-linux-x86_64 0.3.3.7.0 75.06 68.59 143.65 OK
r-patched-solaris-x86 0.3.3.7.0 329.70 NOTE
r-release-linux-x86_64 0.3.3.7.0 72.71 68.76 141.47 OK
r-release-windows-ix86+x86_64 0.3.3.7.0 182.00 287.00 469.00 NOTE
r-release-osx-x86_64 0.3.3.7.0 NOTE
r-oldrel-windows-ix86+x86_64 0.3.3.7.0 152.00 291.00 443.00 NOTE
r-oldrel-osx-x86_64 0.3.3.7.0 NOTE

Check Details

Version: 0.3.3.7.0
Check: installed package size
Result: NOTE
     installed size is 32.2Mb
     sub-directories of 1Mb or more:
     include 7.9Mb
     libs 23.6Mb
Flavors: r-devel-linux-x86_64-fedora-clang, r-devel-windows-ix86+x86_64, r-devel-windows-ix86+x86_64-gcc8, r-patched-solaris-x86, r-release-windows-ix86+x86_64, r-release-osx-x86_64, r-oldrel-windows-ix86+x86_64, r-oldrel-osx-x86_64