CRAN Package Check Results for Package RcppEigen

Last updated on 2019-09-17 05:47:17 CEST.

Flavor Version Tinstall Tcheck Ttotal Status Flags
r-devel-linux-x86_64-debian-clang 0.3.3.5.0 73.36 351.42 424.78 OK
r-devel-linux-x86_64-debian-gcc 0.3.3.5.0 OK
r-devel-linux-x86_64-fedora-clang 0.3.3.5.0 545.70 NOTE
r-devel-linux-x86_64-fedora-gcc 0.3.3.5.0 536.38 OK
r-devel-windows-ix86+x86_64 0.3.3.5.0 163.00 517.00 680.00 NOTE
r-patched-linux-x86_64 0.3.3.5.0 71.99 323.97 395.96 OK
r-patched-solaris-x86 0.3.3.5.0 485.50 NOTE
r-release-linux-x86_64 0.3.3.5.0 71.71 325.03 396.74 OK
r-release-windows-ix86+x86_64 0.3.3.5.0 125.00 547.00 672.00 NOTE
r-release-osx-x86_64 0.3.3.5.0 NOTE
r-oldrel-windows-ix86+x86_64 0.3.3.5.0 163.00 549.00 712.00 NOTE
r-oldrel-osx-x86_64 0.3.3.5.0 NOTE

Check Details

Version: 0.3.3.5.0
Check: installed package size
Result: NOTE
     installed size is 32.2Mb
     sub-directories of 1Mb or more:
     include 7.9Mb
     libs 23.6Mb
Flavors: r-devel-linux-x86_64-fedora-clang, r-devel-windows-ix86+x86_64, r-patched-solaris-x86, r-release-windows-ix86+x86_64, r-release-osx-x86_64, r-oldrel-windows-ix86+x86_64, r-oldrel-osx-x86_64