CRAN Package Check Results for Package RcppEigen

Last updated on 2020-10-28 05:48:43 CET.

Flavor Version Tinstall Tcheck Ttotal Status Flags
r-devel-linux-x86_64-debian-clang 0.3.3.7.0 81.01 78.00 159.01 OK
r-devel-linux-x86_64-debian-gcc 0.3.3.7.0 66.75 62.90 129.65 OK
r-devel-linux-x86_64-fedora-clang 0.3.3.7.0 216.97 NOTE
r-devel-linux-x86_64-fedora-gcc 0.3.3.7.0 220.01 OK
r-devel-windows-ix86+x86_64 0.3.3.7.0 177.00 374.00 551.00 NOTE
r-patched-linux-x86_64 0.3.3.7.0 OK
r-patched-solaris-x86 0.3.3.7.0 330.80 NOTE
r-release-linux-x86_64 0.3.3.7.0 74.36 74.76 149.12 OK
r-release-macos-x86_64 0.3.3.7.0 NOTE
r-release-windows-ix86+x86_64 0.3.3.7.0 134.00 282.00 416.00 NOTE
r-oldrel-macos-x86_64 0.3.3.7.0 NOTE
r-oldrel-windows-ix86+x86_64 0.3.3.7.0 150.00 346.00 496.00 NOTE

Check Details

Version: 0.3.3.7.0
Check: installed package size
Result: NOTE
     installed size is 32.6Mb
     sub-directories of 1Mb or more:
     include 7.9Mb
     libs 24.0Mb
Flavors: r-devel-linux-x86_64-fedora-clang, r-devel-windows-ix86+x86_64, r-patched-solaris-x86, r-release-macos-x86_64, r-release-windows-ix86+x86_64, r-oldrel-macos-x86_64, r-oldrel-windows-ix86+x86_64