CRAN Package Check Results for Package RcppEigen

Last updated on 2019-11-17 05:47:21 CET.

Flavor Version Tinstall Tcheck Ttotal Status Flags
r-devel-linux-x86_64-debian-clang 0.3.3.5.0 78.04 401.73 479.77 OK
r-devel-linux-x86_64-debian-gcc 0.3.3.5.0 62.38 257.84 320.22 OK
r-devel-linux-x86_64-fedora-clang 0.3.3.5.0 NOTE
r-devel-linux-x86_64-fedora-gcc 0.3.3.7.0 206.09 OK
r-devel-windows-ix86+x86_64 0.3.3.5.0 175.00 665.00 840.00 NOTE
r-patched-linux-x86_64 0.3.3.5.0 75.68 324.81 400.49 OK
r-patched-solaris-x86 0.3.3.7.0 273.30 NOTE
r-release-linux-x86_64 0.3.3.5.0 70.01 325.25 395.26 OK
r-release-windows-ix86+x86_64 0.3.3.5.0 123.00 741.00 864.00 NOTE
r-release-osx-x86_64 0.3.3.5.0 NOTE
r-oldrel-windows-ix86+x86_64 0.3.3.5.0 149.00 739.00 888.00 NOTE
r-oldrel-osx-x86_64 0.3.3.5.0 NOTE

Check Details

Version: 0.3.3.5.0
Check: installed package size
Result: NOTE
     installed size is 32.2Mb
     sub-directories of 1Mb or more:
     include 7.9Mb
     libs 23.6Mb
Flavors: r-devel-linux-x86_64-fedora-clang, r-devel-windows-ix86+x86_64, r-release-windows-ix86+x86_64, r-release-osx-x86_64, r-oldrel-windows-ix86+x86_64, r-oldrel-osx-x86_64

Version: 0.3.3.7.0
Check: installed package size
Result: NOTE
     installed size is 8.2Mb
     sub-directories of 1Mb or more:
     include 7.2Mb
Flavor: r-patched-solaris-x86