CRAN Package Check Results for Package RcppGreedySetCover

Last updated on 2022-05-25 05:53:47 CEST.

Flavor Version Tinstall Tcheck Ttotal Status Flags
r-devel-linux-x86_64-debian-clang 0.1.0 22.83 41.51 64.34 NOTE
r-devel-linux-x86_64-debian-gcc 0.1.0 16.69 31.54 48.23 NOTE
r-devel-linux-x86_64-fedora-clang 0.1.0 82.77 NOTE
r-devel-linux-x86_64-fedora-gcc 0.1.0 75.62 NOTE
r-devel-windows-x86_64 0.1.0 31.00 75.00 106.00 NOTE
r-patched-linux-x86_64 0.1.0 19.00 39.55 58.55 NOTE
r-release-linux-x86_64 0.1.0 NOTE
r-release-macos-arm64 0.1.0 22.00 NOTE
r-release-macos-x86_64 0.1.0 32.00 NOTE
r-release-windows-x86_64 0.1.0 49.00 78.00 127.00 NOTE
r-oldrel-macos-arm64 0.1.0 28.00 NOTE
r-oldrel-macos-x86_64 0.1.0 39.00 NOTE
r-oldrel-windows-ix86+x86_64 0.1.0 53.00 76.00 129.00 NOTE

Check Details

Version: 0.1.0
Check: LazyData
Result: NOTE
     'LazyData' is specified without a 'data' directory
Flavors: r-devel-linux-x86_64-debian-clang, r-devel-linux-x86_64-debian-gcc, r-devel-linux-x86_64-fedora-clang, r-devel-linux-x86_64-fedora-gcc, r-devel-windows-x86_64, r-patched-linux-x86_64, r-release-linux-x86_64, r-release-macos-arm64, r-release-macos-x86_64, r-release-windows-x86_64, r-oldrel-macos-arm64, r-oldrel-macos-x86_64, r-oldrel-windows-ix86+x86_64