CRAN Package Check Results for Package RcppMLPACK

Last updated on 2019-08-25 05:46:56 CEST.

Flavor Version Tinstall Tcheck Ttotal Status Flags
r-devel-linux-x86_64-debian-clang 1.0.10-6 363.21 29.54 392.75 OK
r-devel-linux-x86_64-debian-gcc 1.0.10-6 280.85 41.35 322.20 OK
r-devel-linux-x86_64-fedora-clang 1.0.10-6 667.54 NOTE
r-devel-linux-x86_64-fedora-gcc 1.0.10-6 628.25 NOTE
r-devel-windows-ix86+x86_64 1.0.10-6 688.00 105.00 793.00 NOTE
r-patched-linux-x86_64 1.0.10-6 333.30 50.30 383.60 OK
r-patched-solaris-x86 1.0.10-6 588.30 NOTE
r-release-linux-x86_64 1.0.10-6 342.61 50.30 392.91 OK
r-release-windows-ix86+x86_64 1.0.10-6 697.00 96.00 793.00 NOTE
r-release-osx-x86_64 1.0.10-6 WARN
r-oldrel-windows-ix86+x86_64 1.0.10-6 1003.00 98.00 1101.00 NOTE
r-oldrel-osx-x86_64 1.0.10-6 NOTE

Check Details

Version: 1.0.10-6
Check: installed package size
Result: NOTE
     installed size is 56.3Mb
     sub-directories of 1Mb or more:
     include 1.9Mb
     lib 42.5Mb
     libs 11.6Mb
Flavors: r-devel-linux-x86_64-fedora-clang, r-devel-windows-ix86+x86_64, r-patched-solaris-x86, r-release-windows-ix86+x86_64, r-release-osx-x86_64, r-oldrel-windows-ix86+x86_64, r-oldrel-osx-x86_64

Version: 1.0.10-6
Check: compiled code
Result: NOTE
    File ‘RcppMLPACK/libs/RcppMLPACK.so’:
     Found no calls to: ‘R_registerRoutines’, ‘R_useDynamicSymbols’
    
    It is good practice to register native routines and to disable symbol
    search.
    
    See ‘Writing portable packages’ in the ‘Writing R Extensions’ manual.
Flavors: r-devel-linux-x86_64-fedora-clang, r-devel-linux-x86_64-fedora-gcc

Version: 1.0.10-6
Check: whether package can be installed
Result: WARN
    Found the following significant warnings:
     WARNING: shared objects/dynamic libraries with hard-coded temporary installation paths
Flavor: r-release-osx-x86_64