CRAN Package Check Results for Package RcppMLPACK

Last updated on 2019-05-26 05:46:59 CEST.

Flavor Version Tinstall Tcheck Ttotal Status Flags
r-devel-linux-x86_64-debian-clang 1.0.10-6 375.45 29.53 404.98 OK
r-devel-linux-x86_64-debian-gcc 1.0.10-6 291.05 41.78 332.83 OK
r-devel-linux-x86_64-fedora-clang 1.0.10-6 651.46 NOTE
r-devel-linux-x86_64-fedora-gcc 1.0.10-6 626.05 NOTE
r-devel-windows-ix86+x86_64 1.0.10-6 668.00 96.00 764.00 NOTE
r-patched-linux-x86_64 1.0.10-6 OK
r-patched-solaris-x86 1.0.10-6 575.80 NOTE
r-release-linux-x86_64 1.0.10-6 345.02 49.15 394.17 OK
r-release-windows-ix86+x86_64 1.0.10-6 987.00 91.00 1078.00 NOTE
r-release-osx-x86_64 1.0.10-6 WARN
r-oldrel-windows-ix86+x86_64 1.0.10-6 1001.00 74.00 1075.00 NOTE
r-oldrel-osx-x86_64 1.0.10-6 NOTE

Check Details

Version: 1.0.10-6
Check: installed package size
Result: NOTE
     installed size is 53.8Mb
     sub-directories of 1Mb or more:
     include 1.9Mb
     lib 40.5Mb
     libs 11.1Mb
Flavors: r-devel-linux-x86_64-fedora-clang, r-devel-windows-ix86+x86_64, r-patched-solaris-x86, r-release-windows-ix86+x86_64, r-release-osx-x86_64, r-oldrel-windows-ix86+x86_64, r-oldrel-osx-x86_64

Version: 1.0.10-6
Check: compiled code
Result: NOTE
    File ‘RcppMLPACK/libs/RcppMLPACK.so’:
     Found no calls to: ‘R_registerRoutines’, ‘R_useDynamicSymbols’
    
    It is good practice to register native routines and to disable symbol
    search.
    
    See ‘Writing portable packages’ in the ‘Writing R Extensions’ manual.
Flavors: r-devel-linux-x86_64-fedora-clang, r-devel-linux-x86_64-fedora-gcc

Version: 1.0.10-6
Check: whether package can be installed
Result: WARN
    Found the following significant warnings:
     WARNING: shared objects/dynamic libraries with hard-coded temporary installation paths
Flavor: r-release-osx-x86_64