CRAN Package Check Results for Package RcppParallel

Last updated on 2019-08-19 05:46:33 CEST.

Flavor Version Tinstall Tcheck Ttotal Status Flags
r-devel-linux-x86_64-debian-clang 4.4.3 33.71 69.28 102.99 NOTE
r-devel-linux-x86_64-debian-gcc 4.4.3 44.36 47.90 92.26 NOTE
r-devel-linux-x86_64-fedora-clang 4.4.3 157.50 NOTE
r-devel-linux-x86_64-fedora-gcc 4.4.3 172.27 NOTE
r-devel-windows-ix86+x86_64 4.4.3 421.00 177.00 598.00 NOTE
r-patched-linux-x86_64 4.4.3 55.35 61.82 117.17 NOTE
r-patched-solaris-x86 4.4.3 229.60 NOTE
r-release-linux-x86_64 4.4.3 53.96 60.98 114.94 NOTE
r-release-windows-ix86+x86_64 4.4.3 221.00 136.00 357.00 NOTE
r-release-osx-x86_64 4.4.3 NOTE
r-oldrel-windows-ix86+x86_64 4.4.3 609.00 177.00 786.00 NOTE
r-oldrel-osx-x86_64 4.4.3 NOTE

Additional issues

clang-UBSAN gcc-UBSAN

Check Details

Version: 4.4.3
Check: for GNU extensions in Makefiles
Result: NOTE
    GNU make is a SystemRequirements.
Flavors: r-devel-linux-x86_64-debian-clang, r-devel-linux-x86_64-debian-gcc, r-devel-linux-x86_64-fedora-clang, r-devel-linux-x86_64-fedora-gcc, r-devel-windows-ix86+x86_64, r-patched-linux-x86_64, r-patched-solaris-x86, r-release-linux-x86_64, r-release-windows-ix86+x86_64, r-release-osx-x86_64, r-oldrel-windows-ix86+x86_64, r-oldrel-osx-x86_64

Version: 4.4.3
Check: compilation flags used
Result: NOTE
    Compilation used the following non-portable flag(s):
     ‘-mrtm’
Flavors: r-devel-linux-x86_64-debian-gcc, r-patched-linux-x86_64, r-release-linux-x86_64

Version: 4.4.3
Check: installed package size
Result: NOTE
     installed size is 5.1Mb
     sub-directories of 1Mb or more:
     include 1.9Mb
     lib 2.8Mb
Flavors: r-devel-linux-x86_64-fedora-clang, r-devel-windows-ix86+x86_64, r-release-windows-ix86+x86_64, r-oldrel-windows-ix86+x86_64

Version: 4.4.3
Check: compilation flags used
Result: NOTE
    Compilation used the following non-portable flag(s):
     ‘-Wformat’ ‘-mrtm’
Flavor: r-devel-linux-x86_64-fedora-gcc