CRAN Package Check Results for Package RcppParallel

Last updated on 2019-12-15 05:47:51 CET.

Flavor Version Tinstall Tcheck Ttotal Status Flags
r-devel-linux-x86_64-debian-clang 4.4.4 39.73 78.65 118.38 NOTE
r-devel-linux-x86_64-debian-gcc 4.4.4 44.28 47.88 92.16 NOTE
r-devel-linux-x86_64-fedora-clang 4.4.4 166.17 NOTE
r-devel-linux-x86_64-fedora-gcc 4.4.4 179.05 NOTE
r-devel-windows-ix86+x86_64 4.4.4 236.00 202.00 438.00 NOTE
r-devel-windows-ix86+x86_64-gcc8 4.4.4 264.00 227.00 491.00 NOTE
r-patched-linux-x86_64 4.4.4 53.18 60.80 113.98 NOTE
r-patched-solaris-x86 4.4.4 214.10 NOTE
r-release-linux-x86_64 4.4.4 54.26 61.05 115.31 NOTE
r-release-windows-ix86+x86_64 4.4.4 368.00 137.00 505.00 NOTE
r-release-osx-x86_64 4.4.4 NOTE
r-oldrel-windows-ix86+x86_64 4.4.4 196.00 132.00 328.00 NOTE
r-oldrel-osx-x86_64 4.4.4 NOTE

Additional issues

clang-UBSAN gcc-UBSAN

Check Details

Version: 4.4.4
Check: for GNU extensions in Makefiles
Result: NOTE
    GNU make is a SystemRequirements.
Flavors: r-devel-linux-x86_64-debian-clang, r-devel-linux-x86_64-debian-gcc, r-devel-linux-x86_64-fedora-clang, r-devel-linux-x86_64-fedora-gcc, r-devel-windows-ix86+x86_64, r-devel-windows-ix86+x86_64-gcc8, r-patched-linux-x86_64, r-patched-solaris-x86, r-release-linux-x86_64, r-release-windows-ix86+x86_64, r-release-osx-x86_64, r-oldrel-windows-ix86+x86_64, r-oldrel-osx-x86_64

Version: 4.4.4
Check: installed package size
Result: NOTE
     installed size is 5.1Mb
     sub-directories of 1Mb or more:
     include 1.9Mb
     lib 2.8Mb
Flavors: r-devel-linux-x86_64-fedora-clang, r-devel-windows-ix86+x86_64, r-devel-windows-ix86+x86_64-gcc8, r-release-windows-ix86+x86_64, r-oldrel-windows-ix86+x86_64