Last updated on 2022-05-27 05:53:05 CEST.
Flavor | Version | Tinstall | Tcheck | Ttotal | Status | Flags |
---|---|---|---|---|---|---|
r-devel-linux-x86_64-debian-clang | 0.2.1 | 21.40 | 63.48 | 84.88 | NOTE | |
r-devel-linux-x86_64-debian-gcc | 0.2.1 | 19.10 | 49.34 | 68.44 | NOTE | |
r-devel-linux-x86_64-fedora-clang | 0.2.1 | 123.04 | NOTE | |||
r-devel-linux-x86_64-fedora-gcc | 0.2.1 | 124.87 | NOTE | |||
r-devel-windows-x86_64 | 0.2.1 | 45.00 | 120.00 | 165.00 | OK | |
r-patched-linux-x86_64 | 0.2.1 | 21.15 | 63.34 | 84.49 | NOTE | |
r-release-linux-x86_64 | 0.2.1 | 22.03 | 63.01 | 85.04 | NOTE | |
r-release-macos-arm64 | 0.2.1 | 37.00 | OK | |||
r-release-macos-x86_64 | 0.2.1 | 59.00 | NOTE | |||
r-release-windows-x86_64 | 0.2.1 | 48.00 | 119.00 | 167.00 | OK | |
r-oldrel-macos-arm64 | 0.2.1 | 37.00 | OK | |||
r-oldrel-macos-x86_64 | 0.2.1 | 73.00 | OK | |||
r-oldrel-windows-ix86+x86_64 | 0.2.1 | 51.00 | 121.00 | 172.00 | OK |
Version: 0.2.1
Check: package dependencies
Result: NOTE
Package suggested but not available for checking: 'rredis'
Flavors: r-devel-linux-x86_64-debian-clang, r-devel-linux-x86_64-debian-gcc, r-devel-linux-x86_64-fedora-clang, r-devel-linux-x86_64-fedora-gcc, r-patched-linux-x86_64, r-release-linux-x86_64, r-release-macos-x86_64