CRAN Package Check Results for Package RcppSMC

Last updated on 2022-08-15 05:49:30 CEST.

Flavor Version Tinstall Tcheck Ttotal Status Flags
r-devel-linux-x86_64-debian-clang 0.2.6 127.28 37.13 164.41 OK
r-devel-linux-x86_64-debian-gcc 0.2.6 107.84 27.08 134.92 OK
r-devel-linux-x86_64-fedora-clang 0.2.6 261.75 OK
r-devel-linux-x86_64-fedora-gcc 0.2.6 232.78 OK
r-devel-windows-x86_64 0.2.6 171.00 87.00 258.00 OK
r-patched-linux-x86_64 0.2.6 115.96 32.67 148.63 OK
r-release-linux-x86_64 0.2.6 118.05 33.27 151.32 OK
r-release-macos-arm64 0.2.6 55.00 NOTE
r-release-macos-x86_64 0.2.6 71.00 NOTE
r-release-windows-x86_64 0.2.6 121.00 82.00 203.00 OK
r-oldrel-macos-arm64 0.2.6 57.00 NOTE
r-oldrel-macos-x86_64 0.2.6 74.00 NOTE
r-oldrel-windows-ix86+x86_64 0.2.6 325.00 92.00 417.00 OK

Check Details

Version: 0.2.6
Check: installed package size
Result: NOTE
     installed size is 6.5Mb
     sub-directories of 1Mb or more:
     libs 6.1Mb
Flavors: r-release-macos-arm64, r-release-macos-x86_64, r-oldrel-macos-arm64, r-oldrel-macos-x86_64