CRAN Package Check Results for Package RcppSimdJson

Last updated on 2022-08-18 05:52:40 CEST.

Flavor Version Tinstall Tcheck Ttotal Status Flags
r-devel-linux-x86_64-debian-clang 0.1.7 130.01 48.41 178.42 WARN
r-devel-linux-x86_64-debian-gcc 0.1.7 108.55 37.28 145.83 OK
r-devel-linux-x86_64-fedora-clang 0.1.7 245.05 WARN
r-devel-linux-x86_64-fedora-gcc 0.1.7 250.28 OK
r-devel-windows-x86_64 0.1.7 238.00 108.00 346.00 NOTE
r-patched-linux-x86_64 0.1.7 108.48 46.75 155.23 OK
r-release-linux-x86_64 0.1.7 110.89 46.57 157.46 OK
r-release-macos-arm64 0.1.7 62.00 NOTE
r-release-macos-x86_64 0.1.7 79.00 NOTE
r-release-windows-x86_64 0.1.7 199.00 82.00 281.00 NOTE
r-oldrel-macos-arm64 0.1.7 53.00 NOTE
r-oldrel-macos-x86_64 0.1.7 79.00 NOTE
r-oldrel-windows-ix86+x86_64 0.1.7 261.00 137.00 398.00 NOTE

Additional issues

clang14

Check Details

Version: 0.1.7
Check: whether package can be installed
Result: WARN
    Found the following significant warnings:
     ../inst/include/RcppSimdJson/../simdjson.h:8817:8: warning: use of bitwise '|' with boolean operands [-Wbitwise-instead-of-logical]
     ../inst/include/simdjson.h:8817:8: warning: use of bitwise '|' with boolean operands [-Wbitwise-instead-of-logical]
Flavors: r-devel-linux-x86_64-debian-clang, r-devel-linux-x86_64-fedora-clang

Version: 0.1.7
Check: installed package size
Result: NOTE
     installed size is 7.2Mb
     sub-directories of 1Mb or more:
     include 1.5Mb
     jsonexamples 3.8Mb
     libs 1.6Mb
Flavors: r-devel-linux-x86_64-fedora-clang, r-devel-windows-x86_64, r-release-macos-arm64, r-release-macos-x86_64, r-release-windows-x86_64, r-oldrel-macos-arm64, r-oldrel-macos-x86_64, r-oldrel-windows-ix86+x86_64