CRAN Package Check Results for Package RcppXPtrUtils

Last updated on 2024-06-13 06:58:15 CEST.

Flavor Version Tinstall Tcheck Ttotal Status Flags
r-devel-linux-x86_64-debian-clang 0.1.2 2.15 47.46 49.61 OK
r-devel-linux-x86_64-debian-gcc 0.1.2 1.57 18.37 19.94 ERROR
r-devel-linux-x86_64-fedora-clang 0.1.2 62.38 OK
r-devel-linux-x86_64-fedora-gcc 0.1.2 59.44 OK
r-devel-windows-x86_64 0.1.2 2.00 60.00 62.00 OK
r-patched-linux-x86_64 0.1.2 2.57 41.64 44.21 OK
r-release-linux-x86_64 0.1.2 1.39 41.94 43.33 OK
r-release-macos-arm64 0.1.2 20.00 OK
r-release-macos-x86_64 0.1.2 31.00 OK
r-release-windows-x86_64 0.1.2 4.00 64.00 68.00 OK
r-oldrel-macos-arm64 0.1.2 22.00 OK
r-oldrel-macos-x86_64 0.1.2 30.00 OK
r-oldrel-windows-x86_64 0.1.2 4.00 64.00 68.00 OK

Check Details

Version: 0.1.2
Check: package dependencies
Result: NOTE Package suggested but not available for checking: ‘testthat’ Flavor: r-devel-linux-x86_64-debian-gcc

Version: 0.1.2
Check: tests
Result: ERROR Running ‘testthat.R’ [0s/1s] Running the tests in ‘tests/testthat.R’ failed. Complete output: > Sys.setenv("R_TESTS" = "") > library(testthat) Error in library(testthat) : there is no package called 'testthat' Execution halted Flavor: r-devel-linux-x86_64-debian-gcc