CRAN Package Check Results for Package Rdice

Last updated on 2024-06-24 06:49:20 CEST.

Flavor Version Tinstall Tcheck Ttotal Status Flags
r-devel-linux-x86_64-debian-clang 1.0.0 2.57 38.87 41.44 NOTE
r-devel-linux-x86_64-debian-gcc 1.0.0 2.43 30.04 32.47 NOTE
r-devel-linux-x86_64-fedora-clang 1.0.0 54.97 NOTE
r-devel-linux-x86_64-fedora-gcc 1.0.0 63.43 NOTE
r-devel-windows-x86_64 1.0.0 3.00 57.00 60.00 NOTE
r-patched-linux-x86_64 1.0.0 2.39 37.97 40.36 NOTE
r-release-linux-x86_64 1.0.0 3.06 37.74 40.80 NOTE
r-release-macos-arm64 1.0.0 24.00 NOTE
r-release-macos-x86_64 1.0.0 38.00 NOTE
r-release-windows-x86_64 1.0.0 5.00 58.00 63.00 NOTE
r-oldrel-macos-arm64 1.0.0 26.00 OK
r-oldrel-macos-x86_64 1.0.0 35.00 OK
r-oldrel-windows-x86_64 1.0.0 3.00 59.00 62.00 OK

Check Details

Version: 1.0.0
Check: Rd files
Result: NOTE checkRd: (-1) oskar.Rd:14: Lost braces; missing escapes or markup? 14 | set of dice where A beats {B,C,E}; B beats {C,D,F}; C beats {D,E,G}; #' D beats {A,E,F}; E beats {B,F,G}; F beats {A,C,G}; G beats {A,B,D}. #' Consequently, for arbitrarily chosen two dice there is a third one | ^ checkRd: (-1) oskar.Rd:14: Lost braces; missing escapes or markup? 14 | set of dice where A beats {B,C,E}; B beats {C,D,F}; C beats {D,E,G}; #' D beats {A,E,F}; E beats {B,F,G}; F beats {A,C,G}; G beats {A,B,D}. #' Consequently, for arbitrarily chosen two dice there is a third one | ^ checkRd: (-1) oskar.Rd:14: Lost braces; missing escapes or markup? 14 | set of dice where A beats {B,C,E}; B beats {C,D,F}; C beats {D,E,G}; #' D beats {A,E,F}; E beats {B,F,G}; F beats {A,C,G}; G beats {A,B,D}. #' Consequently, for arbitrarily chosen two dice there is a third one | ^ checkRd: (-1) oskar.Rd:14: Lost braces; missing escapes or markup? 14 | set of dice where A beats {B,C,E}; B beats {C,D,F}; C beats {D,E,G}; #' D beats {A,E,F}; E beats {B,F,G}; F beats {A,C,G}; G beats {A,B,D}. #' Consequently, for arbitrarily chosen two dice there is a third one | ^ checkRd: (-1) oskar.Rd:14: Lost braces; missing escapes or markup? 14 | set of dice where A beats {B,C,E}; B beats {C,D,F}; C beats {D,E,G}; #' D beats {A,E,F}; E beats {B,F,G}; F beats {A,C,G}; G beats {A,B,D}. #' Consequently, for arbitrarily chosen two dice there is a third one | ^ checkRd: (-1) oskar.Rd:14: Lost braces; missing escapes or markup? 14 | set of dice where A beats {B,C,E}; B beats {C,D,F}; C beats {D,E,G}; #' D beats {A,E,F}; E beats {B,F,G}; F beats {A,C,G}; G beats {A,B,D}. #' Consequently, for arbitrarily chosen two dice there is a third one | ^ checkRd: (-1) oskar.Rd:14: Lost braces; missing escapes or markup? 14 | set of dice where A beats {B,C,E}; B beats {C,D,F}; C beats {D,E,G}; #' D beats {A,E,F}; E beats {B,F,G}; F beats {A,C,G}; G beats {A,B,D}. #' Consequently, for arbitrarily chosen two dice there is a third one | ^ Flavors: r-devel-linux-x86_64-debian-clang, r-devel-linux-x86_64-debian-gcc, r-devel-linux-x86_64-fedora-clang, r-devel-linux-x86_64-fedora-gcc, r-devel-windows-x86_64, r-patched-linux-x86_64, r-release-linux-x86_64, r-release-macos-arm64, r-release-macos-x86_64, r-release-windows-x86_64