CRAN Package Check Results for Package Rdsdp

Last updated on 2019-11-20 05:47:18 CET.

Flavor Version Tinstall Tcheck Ttotal Status Flags
r-devel-linux-x86_64-debian-clang 1.0.4-2 28.56 22.65 51.21 WARN
r-devel-linux-x86_64-debian-gcc 1.0.4-2 18.34 18.78 37.12 WARN
r-devel-linux-x86_64-fedora-clang 1.0.4-2 66.71 WARN
r-devel-linux-x86_64-fedora-gcc 1.0.4-2 61.72 WARN
r-devel-windows-ix86+x86_64 1.0.4-2 69.00 46.00 115.00 OK
r-devel-windows-ix86+x86_64-gcc8 1.0.4-2 90.00 49.00 139.00 WARN
r-patched-linux-x86_64 1.0.4-2 20.21 22.17 42.38 WARN
r-patched-solaris-x86 1.0.4-2 89.90 OK
r-release-linux-x86_64 1.0.4-2 20.48 22.06 42.54 WARN
r-release-windows-ix86+x86_64 1.0.4-2 69.00 61.00 130.00 OK
r-release-osx-x86_64 1.0.4-2 OK
r-oldrel-windows-ix86+x86_64 1.0.4-2 67.00 46.00 113.00 OK
r-oldrel-osx-x86_64 1.0.4-2 OK

Additional issues

rchk

Check Details

Version: 1.0.4-2
Check: whether package can be installed
Result: WARN
    Found the following significant warnings:
     'config' variable 'CPP' is deprecated
     Rreadsdpa.c:496:5: warning: ignoring return value of function declared with 'warn_unused_result' attribute [-Wunused-result]
     Rreadsdpa.c:504:3: warning: ignoring return value of function declared with 'warn_unused_result' attribute [-Wunused-result]
     Rreadsdpa.c:528:3: warning: ignoring return value of function declared with 'warn_unused_result' attribute [-Wunused-result]
     Rreadsdpa.c:540:7: warning: ignoring return value of function declared with 'warn_unused_result' attribute [-Wunused-result]
     Rreadsdpa.c:549:3: warning: ignoring return value of function declared with 'warn_unused_result' attribute [-Wunused-result]
     Rreadsdpa.c:554:55: warning: ignoring return value of function declared with 'warn_unused_result' attribute [-Wunused-result]
     Rreadsdpa.c:560:5: warning: ignoring return value of function declared with 'warn_unused_result' attribute [-Wunused-result]
     Rreadsdpa.c:602:54: warning: ignoring return value of function declared with 'warn_unused_result' attribute [-Wunused-result]
     Rreadsdpa.c:607:5: warning: ignoring return value of function declared with 'warn_unused_result' attribute [-Wunused-result]
     Rreadsdpa.c:1028:7: warning: ignoring return value of function declared with 'warn_unused_result' attribute [-Wunused-result]
Flavor: r-devel-linux-x86_64-debian-clang

Version: 1.0.4-2
Check: whether package can be installed
Result: WARN
    Found the following significant warnings:
     'config' variable 'CPP' is deprecated
     Rreadsdpa.c:496:5: warning: ignoring return value of ‘fgets’, declared with attribute warn_unused_result [-Wunused-result]
     Rreadsdpa.c:504:3: warning: ignoring return value of ‘fgets’, declared with attribute warn_unused_result [-Wunused-result]
     Rreadsdpa.c:528:3: warning: ignoring return value of ‘fgets’, declared with attribute warn_unused_result [-Wunused-result]
     Rreadsdpa.c:540:7: warning: ignoring return value of ‘fscanf’, declared with attribute warn_unused_result [-Wunused-result]
     Rreadsdpa.c:549:3: warning: ignoring return value of ‘fgets’, declared with attribute warn_unused_result [-Wunused-result]
     Rreadsdpa.c:554:55: warning: ignoring return value of ‘fscanf’, declared with attribute warn_unused_result [-Wunused-result]
     Rreadsdpa.c:560:5: warning: ignoring return value of ‘fgets’, declared with attribute warn_unused_result [-Wunused-result]
     Rreadsdpa.c:602:54: warning: ignoring return value of ‘fscanf’, declared with attribute warn_unused_result [-Wunused-result]
     Rreadsdpa.c:607:5: warning: ignoring return value of ‘fgets’, declared with attribute warn_unused_result [-Wunused-result]
     Rreadsdpa.c:1028:7: warning: ignoring return value of ‘fgets’, declared with attribute warn_unused_result [-Wunused-result]
     /usr/include/x86_64-linux-gnu/bits/string_fortified.h:106:10: warning: ‘__builtin_strncpy’ output may be truncated copying 39 bytes from a string of length 39 [-Wstringop-truncation]
     /usr/include/x86_64-linux-gnu/bits/string_fortified.h:106:10: warning: ‘__builtin_strncpy’ output may be truncated copying 3999 bytes from a string of length 3999 [-Wstringop-truncation]
     dsdpsetoptions.c:164:4: warning: ‘strncpy’ output may be truncated copying 39 bytes from a string of length 39 [-Wstringop-truncation]
     dsdpsetoptions.c:165:4: warning: ‘strncpy’ output may be truncated copying 39 bytes from a string of length 39 [-Wstringop-truncation]
Flavor: r-devel-linux-x86_64-debian-gcc

Version: 1.0.4-2
Check: whether package can be installed
Result: WARN
    Found the following significant warnings:
     'config' variable 'CPP' is deprecated
Flavor: r-devel-linux-x86_64-fedora-clang

Version: 1.0.4-2
Check: compiled code
Result: NOTE
    File ‘Rdsdp/libs/Rdsdp.so’:
     Found no calls to: ‘R_registerRoutines’, ‘R_useDynamicSymbols’
    
    It is good practice to register native routines and to disable symbol
    search.
    
    See ‘Writing portable packages’ in the ‘Writing R Extensions’ manual.
Flavors: r-devel-linux-x86_64-fedora-clang, r-devel-linux-x86_64-fedora-gcc

Version: 1.0.4-2
Check: whether package can be installed
Result: WARN
    Found the following significant warnings:
     'config' variable 'CPP' is deprecated
     Rreadsdpa.c:496:5: warning: ignoring return value of ‘fgets’, declared with attribute warn_unused_result [-Wunused-result]
     Rreadsdpa.c:504:3: warning: ignoring return value of ‘fgets’, declared with attribute warn_unused_result [-Wunused-result]
     Rreadsdpa.c:528:3: warning: ignoring return value of ‘fgets’, declared with attribute warn_unused_result [-Wunused-result]
     Rreadsdpa.c:540:7: warning: ignoring return value of ‘fscanf’, declared with attribute warn_unused_result [-Wunused-result]
     Rreadsdpa.c:549:3: warning: ignoring return value of ‘fgets’, declared with attribute warn_unused_result [-Wunused-result]
     Rreadsdpa.c:554:55: warning: ignoring return value of ‘fscanf’, declared with attribute warn_unused_result [-Wunused-result]
     Rreadsdpa.c:560:5: warning: ignoring return value of ‘fgets’, declared with attribute warn_unused_result [-Wunused-result]
     Rreadsdpa.c:602:54: warning: ignoring return value of ‘fscanf’, declared with attribute warn_unused_result [-Wunused-result]
     Rreadsdpa.c:607:5: warning: ignoring return value of ‘fgets’, declared with attribute warn_unused_result [-Wunused-result]
     Rreadsdpa.c:1028:7: warning: ignoring return value of ‘fgets’, declared with attribute warn_unused_result [-Wunused-result]
     /usr/include/bits/string_fortified.h:106:10: warning: ‘__builtin_strncpy’ output may be truncated copying 39 bytes from a string of length 39 [-Wstringop-truncation]
     /usr/include/bits/string_fortified.h:106:10: warning: ‘__builtin_strncpy’ output may be truncated copying 3999 bytes from a string of length 3999 [-Wstringop-truncation]
     dsdpsetoptions.c:161:7: warning: ignoring return value of ‘fgets’, declared with attribute warn_unused_result [-Wunused-result]
Flavor: r-devel-linux-x86_64-fedora-gcc

Version: 1.0.4-2
Check: whether package can be installed
Result: WARN
    Found the following significant warnings:
     Rreadsdpa.c:608:15: warning: 'strncpy' output may be truncated copying 3999 bytes from a string of length 3999 [-Wstringop-truncation]
     Rreadsdpa.c:1041:13: warning: 'strncpy' output may be truncated copying 39 bytes from a string of length 39 [-Wstringop-truncation]
     Rreadsdpa.c:1042:13: warning: 'strncpy' output may be truncated copying 39 bytes from a string of length 39 [-Wstringop-truncation]
     dsdpsetoptions.c:164:4: warning: 'strncpy' output may be truncated copying 39 bytes from a string of length 39 [-Wstringop-truncation]
     dsdpsetoptions.c:165:4: warning: 'strncpy' output may be truncated copying 39 bytes from a string of length 39 [-Wstringop-truncation]
Flavors: r-devel-windows-ix86+x86_64-gcc8, r-patched-linux-x86_64, r-release-linux-x86_64