CRAN Package Check Results for Package ReadDIM

Last updated on 2021-11-29 05:49:55 CET.

Flavor Version Tinstall Tcheck Ttotal Status Flags
r-devel-linux-x86_64-debian-clang 0.2.10 NOTE
r-devel-linux-x86_64-debian-gcc 0.2.10 19.95 157.80 177.75 NOTE
r-devel-linux-x86_64-fedora-clang 0.2.10 307.55 NOTE
r-devel-linux-x86_64-fedora-gcc 0.2.10 277.90 NOTE
r-devel-windows-x86_64-new-UL 0.2.10 37.00 232.00 269.00 NOTE
r-devel-windows-x86_64-new-TK 0.2.10 NOTE
r-devel-windows-x86_64-old 0.2.10 28.00 176.00 204.00 NOTE
r-patched-linux-x86_64 0.2.10 22.03 201.79 223.82 NOTE
r-patched-solaris-x86 0.2.10 341.30 NOTE
r-release-linux-x86_64 0.2.10 20.72 204.20 224.92 NOTE
r-release-macos-arm64 0.2.10 NOTE
r-release-macos-x86_64 0.2.10 NOTE
r-release-windows-ix86+x86_64 0.2.10 55.00 221.00 276.00 NOTE
r-oldrel-macos-x86_64 0.2.10 OK
r-oldrel-windows-ix86+x86_64 0.2.10 36.00 238.00 274.00 OK

Check Details

Version: 0.2.10
Check: LazyData
Result: NOTE
     'LazyData' is specified without a 'data' directory
Flavors: r-devel-linux-x86_64-debian-clang, r-devel-linux-x86_64-debian-gcc, r-devel-linux-x86_64-fedora-clang, r-devel-linux-x86_64-fedora-gcc, r-devel-windows-x86_64-new-UL, r-devel-windows-x86_64-new-TK, r-devel-windows-x86_64-old, r-patched-linux-x86_64, r-patched-solaris-x86, r-release-linux-x86_64, r-release-macos-arm64, r-release-macos-x86_64, r-release-windows-ix86+x86_64