CRAN Package Check Results for Package RelimpPCR

Last updated on 2022-12-09 05:54:16 CET.

Flavor Version Tinstall Tcheck Ttotal Status Flags
r-devel-linux-x86_64-debian-clang 0.2.4 2.77 46.28 49.05 NOTE
r-devel-linux-x86_64-debian-gcc 0.2.4 1.78 36.99 38.77 NOTE
r-devel-linux-x86_64-fedora-clang 0.2.4 69.92 NOTE
r-devel-linux-x86_64-fedora-gcc 0.2.4 68.11 NOTE
r-devel-windows-x86_64 0.2.4 9.00 78.00 87.00 NOTE
r-patched-linux-x86_64 0.2.4 1.97 44.17 46.14 NOTE
r-release-linux-x86_64 0.2.4 1.69 43.56 45.25 NOTE
r-release-macos-arm64 0.2.4 27.00 NOTE
r-release-macos-x86_64 0.2.4 39.00 NOTE
r-release-windows-x86_64 0.2.4 10.00 79.00 89.00 NOTE
r-oldrel-macos-arm64 0.2.4 30.00 NOTE
r-oldrel-macos-x86_64 0.2.4 46.00 NOTE
r-oldrel-windows-ix86+x86_64 0.2.4 8.00 78.00 86.00 NOTE

Check Details

Version: 0.2.4
Check: LazyData
Result: NOTE
     'LazyData' is specified without a 'data' directory
Flavors: r-devel-linux-x86_64-debian-clang, r-devel-linux-x86_64-debian-gcc, r-devel-linux-x86_64-fedora-clang, r-devel-linux-x86_64-fedora-gcc, r-devel-windows-x86_64, r-patched-linux-x86_64, r-release-linux-x86_64, r-release-macos-arm64, r-release-macos-x86_64, r-release-windows-x86_64, r-oldrel-macos-arm64, r-oldrel-macos-x86_64, r-oldrel-windows-ix86+x86_64