CRAN Package Check Results for Package Rfast

Last updated on 2022-01-24 05:52:00 CET.

Flavor Version Tinstall Tcheck Ttotal Status Flags
r-devel-linux-x86_64-debian-clang 2.0.4 1346.15 123.32 1469.47 OK
r-devel-linux-x86_64-debian-gcc 2.0.4 931.78 93.90 1025.68 OK
r-devel-linux-x86_64-fedora-clang 2.0.4 2196.47 NOTE
r-devel-linux-x86_64-fedora-gcc 2.0.4 2057.20 OK
r-devel-windows-x86_64-new-UL 2.0.4 1052.00 223.00 1275.00 NOTE
r-devel-windows-x86_64-new-TK 2.0.4 OK
r-patched-linux-x86_64 2.0.4 1170.80 119.13 1289.93 OK
r-release-linux-x86_64 2.0.4 1175.13 118.69 1293.82 OK
r-release-macos-arm64 2.0.4 NOTE
r-release-macos-x86_64 2.0.4 NOTE
r-release-windows-ix86+x86_64 2.0.4 3130.00 217.00 3347.00 NOTE
r-oldrel-macos-x86_64 2.0.4 NOTE
r-oldrel-windows-ix86+x86_64 2.0.4 3127.00 227.00 3354.00 NOTE

Check Details

Version: 2.0.4
Check: installed package size
Result: NOTE
     installed size is 50.4Mb
     sub-directories of 1Mb or more:
     libs 49.1Mb
Flavors: r-devel-linux-x86_64-fedora-clang, r-devel-windows-x86_64-new-UL, r-release-macos-arm64, r-release-macos-x86_64, r-release-windows-ix86+x86_64, r-oldrel-macos-x86_64, r-oldrel-windows-ix86+x86_64