CRAN Package Check Results for Package Rfast

Last updated on 2019-09-20 05:47:04 CEST.

Flavor Version Tinstall Tcheck Ttotal Status Flags
r-devel-linux-x86_64-debian-clang 1.9.5 1011.68 100.49 1112.17 OK
r-devel-linux-x86_64-debian-gcc 1.9.5 866.52 77.77 944.29 OK
r-devel-linux-x86_64-fedora-clang 1.9.5 1820.22 NOTE
r-devel-linux-x86_64-fedora-gcc 1.9.5 1730.94 OK
r-devel-windows-ix86+x86_64 1.9.5 2771.00 260.00 3031.00 NOTE
r-patched-linux-x86_64 1.9.5 940.12 100.16 1040.28 OK
r-patched-solaris-x86 1.9.5 1446.10 NOTE
r-release-linux-x86_64 1.9.5 926.54 101.52 1028.06 OK
r-release-windows-ix86+x86_64 1.9.5 2000.00 183.00 2183.00 NOTE
r-release-osx-x86_64 1.9.5 NOTE
r-oldrel-windows-ix86+x86_64 1.9.5 1954.00 166.00 2120.00 NOTE
r-oldrel-osx-x86_64 1.9.5 NOTE

Additional issues

rchk valgrind

Check Details

Version: 1.9.5
Check: installed package size
Result: NOTE
     installed size is 52.6Mb
     sub-directories of 1Mb or more:
     libs 51.3Mb
Flavors: r-devel-linux-x86_64-fedora-clang, r-devel-windows-ix86+x86_64, r-patched-solaris-x86, r-release-windows-ix86+x86_64, r-release-osx-x86_64, r-oldrel-windows-ix86+x86_64, r-oldrel-osx-x86_64