CRAN Package Check Results for Package Rfast

Last updated on 2019-06-24 05:58:17 CEST.

Flavor Version Tinstall Tcheck Ttotal Status Flags
r-devel-linux-x86_64-debian-clang 1.9.4 988.71 102.65 1091.36 OK
r-devel-linux-x86_64-debian-gcc 1.9.4 801.46 80.78 882.24 OK
r-devel-linux-x86_64-fedora-clang 1.9.4 1778.22 NOTE
r-devel-linux-x86_64-fedora-gcc 1.9.4 1588.39 OK
r-devel-windows-ix86+x86_64 1.9.4 2779.00 250.00 3029.00 NOTE
r-patched-linux-x86_64 1.9.4 948.48 102.65 1051.13 OK
r-patched-solaris-x86 1.9.4 1493.30 NOTE
r-release-linux-x86_64 1.9.4 933.93 103.31 1037.24 OK
r-release-windows-ix86+x86_64 1.9.4 2163.00 260.00 2423.00 NOTE
r-release-osx-x86_64 1.9.4 NOTE
r-oldrel-windows-ix86+x86_64 1.9.4 1991.00 173.00 2164.00 NOTE
r-oldrel-osx-x86_64 1.9.4 NOTE

Additional issues

LTO valgrind

Check Details

Version: 1.9.4
Check: installed package size
Result: NOTE
     installed size is 47.1Mb
     sub-directories of 1Mb or more:
     libs 45.9Mb
Flavors: r-devel-linux-x86_64-fedora-clang, r-devel-windows-ix86+x86_64, r-patched-solaris-x86, r-release-windows-ix86+x86_64, r-release-osx-x86_64, r-oldrel-windows-ix86+x86_64, r-oldrel-osx-x86_64