CRAN Package Check Results for Package Rgof

Last updated on 2024-06-13 06:58:15 CEST.

Flavor Version Tinstall Tcheck Ttotal Status Flags
r-devel-linux-x86_64-debian-clang 1.2.2 144.46 99.46 243.92 OK
r-devel-linux-x86_64-debian-gcc 1.2.2 0.29 1.82 2.11 ERROR
r-devel-linux-x86_64-fedora-clang 1.2.2 350.93 OK
r-devel-linux-x86_64-fedora-gcc 1.2.2 371.02 OK
r-devel-windows-x86_64 1.2.2 108.00 165.00 273.00 OK
r-patched-linux-x86_64 1.2.2 114.57 96.15 210.72 OK
r-release-linux-x86_64 1.2.2 119.22 93.58 212.80 OK
r-release-macos-arm64 1.2.2 89.00 OK
r-release-macos-x86_64 1.2.2 126.00 OK
r-release-windows-x86_64 1.2.2 110.00 163.00 273.00 OK
r-oldrel-macos-arm64 1.2.2 122.00 OK
r-oldrel-macos-x86_64 1.2.2 191.00 OK
r-oldrel-windows-x86_64 1.2.2 135.00 188.00 323.00 OK

Check Details

Version: 1.2.2
Check: package dependencies
Result: ERROR Package required but not available: ‘ggplot2’ See section ‘The DESCRIPTION file’ in the ‘Writing R Extensions’ manual. Flavor: r-devel-linux-x86_64-debian-gcc