CRAN Package Check Results for Package Rlda

Last updated on 2022-09-24 05:51:13 CEST.

Flavor Version Tinstall Tcheck Ttotal Status Flags
r-devel-linux-x86_64-debian-clang 0.2.6 122.10 52.78 174.88 WARN
r-devel-linux-x86_64-debian-gcc 0.2.6 108.34 40.36 148.70 OK
r-devel-linux-x86_64-fedora-clang 0.2.6 285.51 WARN
r-devel-linux-x86_64-fedora-gcc 0.2.6 268.20 OK
r-devel-windows-x86_64 0.2.6 109.00 110.00 219.00 OK
r-patched-linux-x86_64 0.2.6 112.75 50.21 162.96 OK
r-release-linux-x86_64 0.2.6 117.07 50.63 167.70 OK
r-release-macos-arm64 0.2.6 56.00 NOTE
r-release-macos-x86_64 0.2.6 82.00 NOTE
r-release-windows-x86_64 0.2.6 105.00 113.00 218.00 OK
r-oldrel-macos-arm64 0.2.6 73.00 NOTE
r-oldrel-macos-x86_64 0.2.6 119.00 NOTE
r-oldrel-windows-ix86+x86_64 0.2.6 317.00 109.00 426.00 OK

Additional issues

clang14

Check Details

Version: 0.2.6
Check: whether package can be installed
Result: WARN
    Found the following significant warnings:
     RemoteSensing.cpp:79:10: warning: use of bitwise '&' with boolean operands [-Wbitwise-instead-of-logical]
     RemoteSensing.cpp:82:15: warning: use of bitwise '&' with boolean operands [-Wbitwise-instead-of-logical]
Flavors: r-devel-linux-x86_64-debian-clang, r-devel-linux-x86_64-fedora-clang

Version: 0.2.6
Check: installed package size
Result: NOTE
     installed size is 7.0Mb
     sub-directories of 1Mb or more:
     libs 6.0Mb
Flavors: r-release-macos-arm64, r-release-macos-x86_64, r-oldrel-macos-arm64, r-oldrel-macos-x86_64