CRAN Package Check Results for Package RobKF

Last updated on 2020-12-02 05:48:16 CET.

Flavor Version Tinstall Tcheck Ttotal Status Flags
r-devel-linux-x86_64-debian-clang 1.0.0 430.18 87.31 517.49 OK
r-devel-linux-x86_64-debian-gcc 1.0.0 207.01 72.39 279.40 OK
r-devel-linux-x86_64-fedora-clang 1.0.0 601.97 NOTE
r-devel-linux-x86_64-fedora-gcc 1.0.0 532.88 OK
r-devel-windows-ix86+x86_64 1.0.0 735.00 164.00 899.00 OK
r-patched-linux-x86_64 1.0.0 242.12 87.45 329.57 OK
r-patched-solaris-x86 1.0.0 448.80 OK
r-release-linux-x86_64 1.0.0 248.66 87.53 336.19 OK
r-release-macos-x86_64 1.0.0 NOTE
r-release-windows-ix86+x86_64 1.0.0 569.00 133.00 702.00 OK
r-oldrel-macos-x86_64 1.0.0 NOTE
r-oldrel-windows-ix86+x86_64 1.0.0 616.00 142.00 758.00 OK

Check Details

Version: 1.0.0
Check: installed package size
Result: NOTE
     installed size is 25.2Mb
     sub-directories of 1Mb or more:
     libs 25.0Mb
Flavors: r-devel-linux-x86_64-fedora-clang, r-release-macos-x86_64, r-oldrel-macos-x86_64