CRAN Package Check Results for Package Rook

Last updated on 2019-12-09 05:47:26 CET.

Flavor Version Tinstall Tcheck Ttotal Status Flags
r-devel-linux-x86_64-debian-clang 1.1-1 5.86 29.80 35.66 OK
r-devel-linux-x86_64-debian-gcc 1.1-1 4.85 23.66 28.51 OK
r-devel-linux-x86_64-fedora-clang 1.1-1 44.52 NOTE
r-devel-linux-x86_64-fedora-gcc 1.1-1 41.51 NOTE
r-devel-windows-ix86+x86_64 1.1-1 14.00 53.00 67.00 OK
r-devel-windows-ix86+x86_64-gcc8 1.1-1 12.00 47.00 59.00 OK
r-patched-linux-x86_64 1.1-1 4.94 27.53 32.47 OK
r-patched-solaris-x86 1.1-1 59.80 OK
r-release-linux-x86_64 1.1-1 5.55 27.22 32.77 OK
r-release-windows-ix86+x86_64 1.1-1 11.00 65.00 76.00 OK
r-release-osx-x86_64 1.1-1 OK
r-oldrel-windows-ix86+x86_64 1.1-1 13.00 46.00 59.00 OK
r-oldrel-osx-x86_64 1.1-1 OK

Additional issues

rchk

Check Details

Version: 1.1-1
Check: compiled code
Result: NOTE
    File ‘Rook/libs/Rook.so’:
     Found no call to: ‘R_useDynamicSymbols’
    
    It is good practice to register native routines and to disable symbol
    search.
    
    See ‘Writing portable packages’ in the ‘Writing R Extensions’ manual.
Flavors: r-devel-linux-x86_64-fedora-clang, r-devel-linux-x86_64-fedora-gcc