CRAN Package Check Results for Package Rook

Last updated on 2019-08-18 05:46:24 CEST.

Flavor Version Tinstall Tcheck Ttotal Status Flags
r-devel-linux-x86_64-debian-clang 1.1-1 5.64 27.83 33.47 OK
r-devel-linux-x86_64-debian-gcc 1.1-1 4.94 22.73 27.67 OK
r-devel-linux-x86_64-fedora-clang 1.1-1 42.20 NOTE
r-devel-linux-x86_64-fedora-gcc 1.1-1 42.16 NOTE
r-devel-windows-ix86+x86_64 1.1-1 19.00 63.00 82.00 OK
r-patched-linux-x86_64 1.1-1 4.16 27.58 31.74 OK
r-patched-solaris-x86 1.1-1 63.40 OK
r-release-linux-x86_64 1.1-1 5.36 27.80 33.16 OK
r-release-windows-ix86+x86_64 1.1-1 11.00 65.00 76.00 OK
r-release-osx-x86_64 1.1-1 OK
r-oldrel-windows-ix86+x86_64 1.1-1 13.00 46.00 59.00 OK
r-oldrel-osx-x86_64 1.1-1 OK

Additional issues

rchk

Check Details

Version: 1.1-1
Check: compiled code
Result: NOTE
    File ‘Rook/libs/Rook.so’:
     Found no call to: ‘R_useDynamicSymbols’
    
    It is good practice to register native routines and to disable symbol
    search.
    
    See ‘Writing portable packages’ in the ‘Writing R Extensions’ manual.
Flavors: r-devel-linux-x86_64-fedora-clang, r-devel-linux-x86_64-fedora-gcc