CRAN Package Check Results for Package Rphylopars

Last updated on 2024-06-13 06:58:16 CEST.

Flavor Version Tinstall Tcheck Ttotal Status Flags
r-devel-linux-x86_64-debian-clang 0.3.10 77.20 148.32 225.52 OK
r-devel-linux-x86_64-debian-gcc 0.3.10 0.37 1.75 2.12 ERROR
r-devel-linux-x86_64-fedora-clang 0.3.10 279.46 OK
r-devel-linux-x86_64-fedora-gcc 0.3.10 284.08 OK
r-devel-windows-x86_64 0.3.10 57.00 139.00 196.00 OK
r-patched-linux-x86_64 0.3.10 63.30 139.60 202.90 OK
r-release-linux-x86_64 0.3.10 65.12 140.53 205.65 OK
r-release-macos-arm64 0.3.10 62.00 NOTE
r-release-macos-x86_64 0.3.10 113.00 NOTE
r-release-windows-x86_64 0.3.10 57.00 134.00 191.00 OK
r-oldrel-macos-arm64 0.3.10 82.00 NOTE
r-oldrel-macos-x86_64 0.3.10 186.00 NOTE
r-oldrel-windows-x86_64 0.3.10 73.00 174.00 247.00 OK

Check Details

Version: 0.3.10
Check: package dependencies
Result: ERROR Packages required but not available: 'doBy', 'phytools' See section ‘The DESCRIPTION file’ in the ‘Writing R Extensions’ manual. Flavor: r-devel-linux-x86_64-debian-gcc

Version: 0.3.10
Check: installed package size
Result: NOTE installed size is 5.5Mb sub-directories of 1Mb or more: libs 5.3Mb Flavors: r-release-macos-arm64, r-release-macos-x86_64, r-oldrel-macos-arm64, r-oldrel-macos-x86_64