CRAN Package Check Results for Package Rquake

Last updated on 2020-04-08 05:47:32 CEST.

Flavor Version Tinstall Tcheck Ttotal Status Flags
r-devel-linux-x86_64-debian-clang 2.4-0 11.60 79.60 91.20 OK
r-devel-linux-x86_64-debian-gcc 2.4-0 9.92 61.80 71.72 OK
r-devel-linux-x86_64-fedora-clang 2.4-0 107.46 OK
r-devel-linux-x86_64-fedora-gcc 2.4-0 109.15 OK
r-devel-windows-ix86+x86_64 2.4-0 25.00 125.00 150.00 OK
r-devel-windows-ix86+x86_64-gcc8 2.4-0 23.00 101.00 124.00 OK
r-patched-linux-x86_64 2.4-0 11.38 77.23 88.61 OK
r-patched-solaris-x86 2.4-0 151.70 OK
r-release-linux-x86_64 2.4-0 9.35 69.43 78.78 OK
r-release-windows-ix86+x86_64 2.4-0 19.00 132.00 151.00 OK
r-release-osx-x86_64 2.4-0 WARN
r-oldrel-windows-ix86+x86_64 2.4-0 14.00 81.00 95.00 OK
r-oldrel-osx-x86_64 2.4-0 OK

Check Details

Version: 2.4-0
Check: whether package can be installed
Result: WARN
    Found the following significant warnings:
     Warning: 'rgl_init' failed, running with rgl.useNULL = TRUE
Flavor: r-release-osx-x86_64