CRAN Package Check Results for Package RxODE

Last updated on 2021-12-02 05:49:09 CET.

Flavor Version Tinstall Tcheck Ttotal Status Flags
r-devel-linux-x86_64-debian-clang 1.1.2 491.61 197.12 688.73 OK
r-devel-linux-x86_64-debian-gcc 1.1.2 445.30 137.81 583.11 OK
r-devel-linux-x86_64-fedora-clang 1.1.2 1113.45 NOTE
r-devel-linux-x86_64-fedora-gcc 1.1.2 1111.09 OK
r-devel-windows-x86_64-new-UL 1.1.2 734.00 457.00 1191.00 NOTE
r-devel-windows-x86_64-new-TK 1.1.2 OK
r-devel-windows-x86_64-old 1.1.2 615.00 244.00 859.00 NOTE
r-patched-linux-x86_64 1.1.2 503.37 175.26 678.63 OK
r-patched-solaris-x86 1.1.2 899.10 NOTE
r-release-linux-x86_64 1.1.2 492.84 173.72 666.56 OK
r-release-macos-arm64 1.1.2 NOTE
r-release-macos-x86_64 1.1.2 NOTE
r-release-windows-ix86+x86_64 1.1.2 1152.00 420.00 1572.00 NOTE
r-oldrel-macos-x86_64 1.1.2 NOTE
r-oldrel-windows-ix86+x86_64 1.1.2 1148.00 373.00 1521.00 NOTE

Check Details

Version: 1.1.2
Check: installed package size
Result: NOTE
     installed size is 48.5Mb
     sub-directories of 1Mb or more:
     libs 45.8Mb
Flavors: r-devel-linux-x86_64-fedora-clang, r-devel-windows-x86_64-new-UL, r-devel-windows-x86_64-old, r-patched-solaris-x86, r-release-macos-arm64, r-release-macos-x86_64, r-release-windows-ix86+x86_64, r-oldrel-macos-x86_64, r-oldrel-windows-ix86+x86_64

Version: 1.1.2
Check: package dependencies
Result: NOTE
    Package suggested but not available for checking: ‘symengine’
Flavor: r-release-macos-arm64