CRAN Package Check Results for Package SACOBRA

Last updated on 2022-05-23 05:52:51 CEST.

Flavor Version Tinstall Tcheck Ttotal Status Flags
r-devel-linux-x86_64-debian-clang 1.2 10.33 97.39 107.72 OK
r-devel-linux-x86_64-debian-gcc 1.2 6.88 71.20 78.08 OK
r-devel-linux-x86_64-fedora-clang 1.2 132.55 NOTE
r-devel-linux-x86_64-fedora-gcc 1.2 124.47 NOTE
r-devel-windows-x86_64 1.2 29.00 106.00 135.00 OK
r-patched-linux-x86_64 1.2 11.85 89.57 101.42 OK
r-release-linux-x86_64 1.2 OK
r-release-macos-arm64 1.2 46.00 NOTE
r-release-macos-x86_64 1.2 43.00 NOTE
r-release-windows-x86_64 1.2 36.00 106.00 142.00 OK
r-oldrel-macos-arm64 1.2 41.00 NOTE
r-oldrel-macos-x86_64 1.2 62.00 NOTE
r-oldrel-windows-ix86+x86_64 1.2 17.00 105.00 122.00 OK

Check Details

Version: 1.2
Check: dependencies in R code
Result: NOTE
    Namespaces in Imports field not imported from:
     ‘R6’ ‘mgcv’
     All declared Imports should be used.
Flavors: r-devel-linux-x86_64-fedora-clang, r-devel-linux-x86_64-fedora-gcc, r-release-macos-arm64, r-release-macos-x86_64, r-oldrel-macos-arm64, r-oldrel-macos-x86_64