CRAN Package Check Results for Package SAMM

Last updated on 2019-08-18 05:46:25 CEST.

Flavor Version Tinstall Tcheck Ttotal Status Flags
r-devel-linux-x86_64-debian-clang 1.1.1 90.81 23.46 114.27 OK
r-devel-linux-x86_64-debian-gcc 1.1.1 91.25 19.35 110.60 OK
r-devel-linux-x86_64-fedora-clang 1.1.1 178.79 NOTE
r-devel-linux-x86_64-fedora-gcc 1.1.1 195.28 OK
r-devel-windows-ix86+x86_64 1.1.1 203.00 85.00 288.00 OK
r-patched-linux-x86_64 1.1.1 89.00 23.44 112.44 OK
r-patched-solaris-x86 1.1.1 176.60 OK
r-release-linux-x86_64 1.1.1 82.99 23.49 106.48 OK
r-release-windows-ix86+x86_64 1.1.1 203.00 82.00 285.00 OK
r-release-osx-x86_64 1.1.1 NOTE
r-oldrel-windows-ix86+x86_64 1.1.1 194.00 81.00 275.00 OK
r-oldrel-osx-x86_64 1.1.1 NOTE

Check Details

Version: 1.1.1
Check: installed package size
Result: NOTE
     installed size is 14.9Mb
     sub-directories of 1Mb or more:
     libs 14.7Mb
Flavors: r-devel-linux-x86_64-fedora-clang, r-release-osx-x86_64, r-oldrel-osx-x86_64