CRAN Package Check Results for Package SAMM

Last updated on 2019-12-09 05:47:27 CET.

Flavor Version Tinstall Tcheck Ttotal Status Flags
r-devel-linux-x86_64-debian-clang 1.1.1 105.09 24.42 129.51 OK
r-devel-linux-x86_64-debian-gcc 1.1.1 92.67 20.27 112.94 OK
r-devel-linux-x86_64-fedora-clang 1.1.1 183.30 NOTE
r-devel-linux-x86_64-fedora-gcc 1.1.1 202.89 OK
r-devel-windows-ix86+x86_64 1.1.1 160.00 70.00 230.00 OK
r-devel-windows-ix86+x86_64-gcc8 1.1.1 180.00 69.00 249.00 OK
r-patched-linux-x86_64 1.1.1 91.08 23.42 114.50 OK
r-patched-solaris-x86 1.1.1 168.90 OK
r-release-linux-x86_64 1.1.1 91.07 23.17 114.24 OK
r-release-windows-ix86+x86_64 1.1.1 208.00 63.00 271.00 OK
r-release-osx-x86_64 1.1.1 NOTE
r-oldrel-windows-ix86+x86_64 1.1.1 146.00 62.00 208.00 OK
r-oldrel-osx-x86_64 1.1.1 NOTE

Check Details

Version: 1.1.1
Check: installed package size
Result: NOTE
     installed size is 15.2Mb
     sub-directories of 1Mb or more:
     libs 15.0Mb
Flavors: r-devel-linux-x86_64-fedora-clang, r-release-osx-x86_64, r-oldrel-osx-x86_64