CRAN Package Check Results for Package SCRABBLE

Last updated on 2019-08-21 05:47:03 CEST.

Flavor Version Tinstall Tcheck Ttotal Status Flags
r-devel-linux-x86_64-debian-clang 0.0.1 47.10 78.46 125.56 OK
r-devel-linux-x86_64-debian-gcc 0.0.1 43.57 62.44 106.01 OK
r-devel-linux-x86_64-fedora-clang 0.0.1 166.27 WARN
r-devel-linux-x86_64-fedora-gcc 0.0.1 171.13 WARN
r-devel-windows-ix86+x86_64 0.0.1 111.00 193.00 304.00 OK
r-patched-linux-x86_64 0.0.1 50.64 76.59 127.23 OK
r-patched-solaris-x86 0.0.1 199.20 OK
r-release-linux-x86_64 0.0.1 50.91 77.78 128.69 OK
r-release-windows-ix86+x86_64 0.0.1 86.00 139.00 225.00 OK
r-release-osx-x86_64 0.0.1 NOTE
r-oldrel-windows-ix86+x86_64 0.0.1 107.00 196.00 303.00 OK
r-oldrel-osx-x86_64 0.0.1 NOTE

Check Details

Version: 0.0.1
Check: installed package size
Result: NOTE
     installed size is 16.5Mb
     sub-directories of 1Mb or more:
     libs 16.1Mb
Flavors: r-devel-linux-x86_64-fedora-clang, r-release-osx-x86_64, r-oldrel-osx-x86_64

Version: 0.0.1
Check: re-building of vignette outputs
Result: WARN
    Error(s) in re-building vignettes:
    --- re-building ‘my-vignette.Rmd’ using rmarkdown
    ! LaTeX Error: Missing \begin{document}.
    
    Error: processing vignette 'my-vignette.Rmd' failed with diagnostics:
    Failed to compile my-vignette.tex. See https://yihui.name/tinytex/r/#debugging for debugging tips. See my-vignette.log for more info.
    --- failed re-building ‘my-vignette.Rmd’
    
    SUMMARY: processing the following file failed:
     ‘my-vignette.Rmd’
    
    Error: Vignette re-building failed.
    Execution halted
Flavors: r-devel-linux-x86_64-fedora-clang, r-devel-linux-x86_64-fedora-gcc

Version: 0.0.1
Check: package dependencies
Result: NOTE
    Package suggested but not available for checking: ‘BiocStyle’
Flavors: r-release-osx-x86_64, r-oldrel-osx-x86_64