CRAN Package Check Results for Package SDMPlay

Last updated on 2019-06-24 05:58:19 CEST.

Flavor Version Tinstall Tcheck Ttotal Status Flags
r-devel-linux-x86_64-debian-clang 1.2 3.81 88.12 91.93 NOTE
r-devel-linux-x86_64-debian-gcc 1.2 3.53 71.22 74.75 NOTE
r-devel-linux-x86_64-fedora-clang 1.2 113.97 NOTE
r-devel-linux-x86_64-fedora-gcc 1.2 110.58 NOTE
r-devel-windows-ix86+x86_64 1.2 10.00 140.00 150.00 OK
r-patched-linux-x86_64 1.2 3.56 83.94 87.50 OK
r-patched-solaris-x86 1.2 181.60 NOTE
r-release-linux-x86_64 1.2 3.68 88.85 92.53 OK
r-release-windows-ix86+x86_64 1.2 7.00 133.00 140.00 OK
r-release-osx-x86_64 1.2 NOTE
r-oldrel-windows-ix86+x86_64 1.2 6.00 98.00 104.00 OK
r-oldrel-osx-x86_64 1.2 NOTE

Check Details

Version: 1.2
Check: package vignettes
Result: NOTE
    Package vignette with placeholder title 'Vignette Title':
     'my-vignette.Rmd'
Flavors: r-devel-linux-x86_64-debian-clang, r-devel-linux-x86_64-debian-gcc

Version: 1.2
Check: dependencies in R code
Result: NOTE
    Namespace in Imports field not imported from: ‘gbm’
     All declared Imports should be used.
Flavors: r-devel-linux-x86_64-fedora-clang, r-devel-linux-x86_64-fedora-gcc, r-patched-solaris-x86, r-release-osx-x86_64, r-oldrel-osx-x86_64

Version: 1.2
Check: installed package size
Result: NOTE
     installed size is 5.3Mb
     sub-directories of 1Mb or more:
     data 1.5Mb
     vignette_data 2.1Mb
Flavor: r-patched-solaris-x86