CRAN Package Check Results for Package SDMPlay

Last updated on 2019-09-15 05:46:26 CEST.

Flavor Version Tinstall Tcheck Ttotal Status Flags
r-devel-linux-x86_64-debian-clang 1.2 3.54 91.94 95.48 NOTE
r-devel-linux-x86_64-debian-gcc 1.2 3.30 66.23 69.53 NOTE
r-devel-linux-x86_64-fedora-clang 1.2 108.36 NOTE
r-devel-linux-x86_64-fedora-gcc 1.2 113.76 NOTE
r-devel-windows-ix86+x86_64 1.2 12.00 135.00 147.00 NOTE
r-patched-linux-x86_64 1.2 3.89 89.66 93.55 OK
r-patched-solaris-x86 1.2 181.40 NOTE
r-release-linux-x86_64 1.2 3.69 86.61 90.30 OK
r-release-windows-ix86+x86_64 1.2 9.00 103.00 112.00 OK
r-release-osx-x86_64 1.2 NOTE
r-oldrel-windows-ix86+x86_64 1.2 7.00 105.00 112.00 OK
r-oldrel-osx-x86_64 1.2 NOTE

Check Details

Version: 1.2
Check: package vignettes
Result: NOTE
    Package vignette with placeholder title 'Vignette Title':
     'my-vignette.Rmd'
Flavors: r-devel-linux-x86_64-debian-clang, r-devel-linux-x86_64-debian-gcc, r-devel-windows-ix86+x86_64

Version: 1.2
Check: dependencies in R code
Result: NOTE
    Namespace in Imports field not imported from: ‘gbm’
     All declared Imports should be used.
Flavors: r-devel-linux-x86_64-fedora-clang, r-devel-linux-x86_64-fedora-gcc, r-patched-solaris-x86, r-release-osx-x86_64, r-oldrel-osx-x86_64

Version: 1.2
Check: installed package size
Result: NOTE
     installed size is 5.3Mb
     sub-directories of 1Mb or more:
     data 1.5Mb
     vignette_data 2.1Mb
Flavor: r-patched-solaris-x86